{"id":32067,"date":"2020-11-22T20:57:43","date_gmt":"2020-11-22T19:57:43","guid":{"rendered":"https:\/\/soundrums-france.com\/?post_type=product&#038;p=32067"},"modified":"2024-12-10T15:21:08","modified_gmt":"2024-12-10T14:21:08","slug":"caisse-claire-acier-sbs-sound-black-steel-14-x-55","status":"publish","type":"product","link":"https:\/\/soundrums-france.com\/index.php\/produit\/caisse-claire-acier-sbs-sound-black-steel-14-x-55\/","title":{"rendered":"Caisse claire Acier SBS \u00ab\u00a0Sound Black Steel\u00a0\u00bb &#8211; 14&Prime; X 5,5&Prime;"},"content":{"rendered":"<p>Notre caisse claire \u00ab\u00a0Sound Black Steel\u00a0\u00bb offre un son riche en harmonique r\u00e9gul\u00e9 par notre syst\u00e8me de r\u00e9partiteur.<\/p>\n<p>Cette caisse est donc facile \u00e0 ma\u00eetriser et offre \u00e9galement une belle sonorit\u00e9 aux balais. Brillante et claire, l\u2019expressivit\u00e9 de cet instrument offre \u00e9galement une grande puissance.<\/p>\n<p>Pl\u00e9biscit\u00e9e par les batteurs de Rock, elle sera aussi tr\u00e8s efficace dans tous les styles et tr\u00e8s polyvalente pour les musiciens classiques. Sa finition rouge m\u00e9tallis\u00e9e magnifique et son accastillage noir lui offre un style unique !<\/p>\n","protected":false},"excerpt":{"rendered":"<p>F\u00fbt Acier renforc\u00e9 14&Prime; x 5,5&Prime;<br \/>\nFinition rouge rubis m\u00e9tallis\u00e9e<br \/>\n8 tirants &#8211; Coquilles et accastillage noirs<br \/>\nD\u00e9clencheur premium noir<br \/>\nCercles noirs<br \/>\nPeau Remo Ambassador sabl\u00e9e<\/p>\n","protected":false},"featured_media":33050,"comment_status":"open","ping_status":"closed","template":"","meta":{"_uag_custom_page_level_css":"","site-sidebar-layout":"default","site-content-layout":"default","ast-global-header-display":"","ast-banner-title-visibility":"","ast-main-header-display":"","ast-hfb-above-header-display":"","ast-hfb-below-header-display":"","ast-hfb-mobile-header-display":"","site-post-title":"","ast-breadcrumbs-content":"","ast-featured-img":"","footer-sml-layout":"","theme-transparent-header-meta":"","adv-header-id-meta":"","stick-header-meta":"","header-above-stick-meta":"","header-main-stick-meta":"","header-below-stick-meta":""},"product_cat":[186,192],"product_tag":[],"class_list":{"0":"post-32067","1":"product","2":"type-product","3":"status-publish","4":"has-post-thumbnail","6":"product_cat-instruments","7":"product_cat-caisses_claires","8":"desktop-align-left","9":"tablet-align-left","10":"mobile-align-left","12":"first","13":"instock","14":"taxable","15":"shipping-taxable","16":"purchasable","17":"product-type-simple"},"yoast_head":"<!-- This site is optimized with the Yoast SEO plugin v24.1 - https:\/\/yoast.com\/wordpress\/plugins\/seo\/ -->\n<title>Caisse claire Acier SBS &quot;Sound Black Steel&quot; - 14&quot; X 5,5&quot; - Soundrums<\/title>\n<meta name=\"description\" content=\"Venez d\u00e9couvrir notre Caisse claire Acier SBS &quot;Sound Black Steel&quot; - 14&quot; X 5,5&quot; haute de gamme.\" \/>\n<meta name=\"robots\" content=\"index, follow, max-snippet:-1, max-image-preview:large, max-video-preview:-1\" \/>\n<link rel=\"canonical\" href=\"https:\/\/soundrums-france.com\/index.php\/produit\/caisse-claire-acier-sbs-sound-black-steel-14-x-55\/\" \/>\n<meta property=\"og:locale\" content=\"fr_FR\" \/>\n<meta property=\"og:type\" content=\"article\" \/>\n<meta property=\"og:title\" content=\"Caisse claire Acier SBS &quot;Sound Black Steel&quot; - 14&quot; X 5,5&quot; - Soundrums\" \/>\n<meta property=\"og:description\" content=\"Venez d\u00e9couvrir notre Caisse claire Acier SBS &quot;Sound Black Steel&quot; - 14&quot; X 5,5&quot; haute de gamme.\" \/>\n<meta property=\"og:url\" content=\"https:\/\/soundrums-france.com\/index.php\/produit\/caisse-claire-acier-sbs-sound-black-steel-14-x-55\/\" \/>\n<meta property=\"og:site_name\" content=\"Soundrums\" \/>\n<meta property=\"article:publisher\" content=\"https:\/\/www.facebook.com\/soundrums\/\" \/>\n<meta property=\"article:modified_time\" content=\"2024-12-10T14:21:08+00:00\" \/>\n<meta property=\"og:image\" content=\"https:\/\/soundrums-france.com\/wp-content\/uploads\/2020\/11\/Caisse-claire-Acier-SBS-Sound-Black-Steel-07.jpg\" \/>\n\t<meta property=\"og:image:width\" content=\"1200\" \/>\n\t<meta property=\"og:image:height\" content=\"1200\" \/>\n\t<meta property=\"og:image:type\" content=\"image\/jpeg\" \/>\n<meta name=\"twitter:card\" content=\"summary_large_image\" \/>\n<meta name=\"twitter:label1\" content=\"Dur\u00e9e de lecture estim\u00e9e\" \/>\n\t<meta name=\"twitter:data1\" content=\"1 minute\" \/>\n<script type=\"application\/ld+json\" class=\"yoast-schema-graph\">{\"@context\":\"https:\/\/schema.org\",\"@graph\":[{\"@type\":\"WebPage\",\"@id\":\"https:\/\/soundrums-france.com\/index.php\/produit\/caisse-claire-acier-sbs-sound-black-steel-14-x-55\/\",\"url\":\"https:\/\/soundrums-france.com\/index.php\/produit\/caisse-claire-acier-sbs-sound-black-steel-14-x-55\/\",\"name\":\"Caisse claire Acier SBS \\\"Sound Black Steel\\\" - 14\\\" X 5,5\\\" - Soundrums\",\"isPartOf\":{\"@id\":\"https:\/\/soundrums-france.com\/#website\"},\"primaryImageOfPage\":{\"@id\":\"https:\/\/soundrums-france.com\/index.php\/produit\/caisse-claire-acier-sbs-sound-black-steel-14-x-55\/#primaryimage\"},\"image\":{\"@id\":\"https:\/\/soundrums-france.com\/index.php\/produit\/caisse-claire-acier-sbs-sound-black-steel-14-x-55\/#primaryimage\"},\"thumbnailUrl\":\"https:\/\/soundrums-france.com\/wp-content\/uploads\/2020\/11\/Caisse-claire-Acier-SBS-Sound-Black-Steel-07.webp\",\"datePublished\":\"2020-11-22T19:57:43+00:00\",\"dateModified\":\"2024-12-10T14:21:08+00:00\",\"description\":\"Venez d\u00e9couvrir notre Caisse claire Acier SBS \\\"Sound Black Steel\\\" - 14\\\" X 5,5\\\" haute de gamme.\",\"breadcrumb\":{\"@id\":\"https:\/\/soundrums-france.com\/index.php\/produit\/caisse-claire-acier-sbs-sound-black-steel-14-x-55\/#breadcrumb\"},\"inLanguage\":\"fr-FR\",\"potentialAction\":[{\"@type\":\"ReadAction\",\"target\":[\"https:\/\/soundrums-france.com\/index.php\/produit\/caisse-claire-acier-sbs-sound-black-steel-14-x-55\/\"]}]},{\"@type\":\"ImageObject\",\"inLanguage\":\"fr-FR\",\"@id\":\"https:\/\/soundrums-france.com\/index.php\/produit\/caisse-claire-acier-sbs-sound-black-steel-14-x-55\/#primaryimage\",\"url\":\"https:\/\/soundrums-france.com\/wp-content\/uploads\/2020\/11\/Caisse-claire-Acier-SBS-Sound-Black-Steel-07.webp\",\"contentUrl\":\"https:\/\/soundrums-france.com\/wp-content\/uploads\/2020\/11\/Caisse-claire-Acier-SBS-Sound-Black-Steel-07.webp\",\"width\":1200,\"height\":1200,\"caption\":\"Caisse-claire Acier SBS -Sound Black Steel\"},{\"@type\":\"BreadcrumbList\",\"@id\":\"https:\/\/soundrums-france.com\/index.php\/produit\/caisse-claire-acier-sbs-sound-black-steel-14-x-55\/#breadcrumb\",\"itemListElement\":[{\"@type\":\"ListItem\",\"position\":1,\"name\":\"Accueil\",\"item\":\"https:\/\/soundrums-france.com\/\"},{\"@type\":\"ListItem\",\"position\":2,\"name\":\"Des produits\",\"item\":\"https:\/\/soundrums-france.com\/index.php\/shop\/\"},{\"@type\":\"ListItem\",\"position\":3,\"name\":\"Caisse claire Acier SBS \u00ab\u00a0Sound Black Steel\u00a0\u00bb &#8211; 14&Prime; X 5,5&Prime;\"}]},{\"@type\":\"WebSite\",\"@id\":\"https:\/\/soundrums-france.com\/#website\",\"url\":\"https:\/\/soundrums-france.com\/\",\"name\":\"Soundrums\",\"description\":\"Manufacture Fran\u00e7aise de tambours\",\"publisher\":{\"@id\":\"https:\/\/soundrums-france.com\/#organization\"},\"potentialAction\":[{\"@type\":\"SearchAction\",\"target\":{\"@type\":\"EntryPoint\",\"urlTemplate\":\"https:\/\/soundrums-france.com\/?s={search_term_string}\"},\"query-input\":{\"@type\":\"PropertyValueSpecification\",\"valueRequired\":true,\"valueName\":\"search_term_string\"}}],\"inLanguage\":\"fr-FR\"},{\"@type\":\"Organization\",\"@id\":\"https:\/\/soundrums-france.com\/#organization\",\"name\":\"Soundrums-france\",\"url\":\"https:\/\/soundrums-france.com\/\",\"logo\":{\"@type\":\"ImageObject\",\"inLanguage\":\"fr-FR\",\"@id\":\"https:\/\/soundrums-france.com\/#\/schema\/logo\/image\/\",\"url\":\"https:\/\/soundrums-france.com\/wp-content\/uploads\/2020\/10\/LogoSD_HD.jpg\",\"contentUrl\":\"https:\/\/soundrums-france.com\/wp-content\/uploads\/2020\/10\/LogoSD_HD.jpg\",\"width\":1280,\"height\":930,\"caption\":\"Soundrums-france\"},\"image\":{\"@id\":\"https:\/\/soundrums-france.com\/#\/schema\/logo\/image\/\"},\"sameAs\":[\"https:\/\/www.facebook.com\/soundrums\/\",\"https:\/\/www.youtube.com\/channel\/UC4S_W_0ZCdUFH3Y9xkv5bEw\"]}]}<\/script>\n<!-- \/ Yoast SEO plugin. -->","yoast_head_json":{"title":"Caisse claire Acier SBS \"Sound Black Steel\" - 14\" X 5,5\" - Soundrums","description":"Venez d\u00e9couvrir notre Caisse claire Acier SBS \"Sound Black Steel\" - 14\" X 5,5\" haute de gamme.","robots":{"index":"index","follow":"follow","max-snippet":"max-snippet:-1","max-image-preview":"max-image-preview:large","max-video-preview":"max-video-preview:-1"},"canonical":"https:\/\/soundrums-france.com\/index.php\/produit\/caisse-claire-acier-sbs-sound-black-steel-14-x-55\/","og_locale":"fr_FR","og_type":"article","og_title":"Caisse claire Acier SBS \"Sound Black Steel\" - 14\" X 5,5\" - Soundrums","og_description":"Venez d\u00e9couvrir notre Caisse claire Acier SBS \"Sound Black Steel\" - 14\" X 5,5\" haute de gamme.","og_url":"https:\/\/soundrums-france.com\/index.php\/produit\/caisse-claire-acier-sbs-sound-black-steel-14-x-55\/","og_site_name":"Soundrums","article_publisher":"https:\/\/www.facebook.com\/soundrums\/","article_modified_time":"2024-12-10T14:21:08+00:00","og_image":[{"width":1200,"height":1200,"url":"https:\/\/soundrums-france.com\/wp-content\/uploads\/2020\/11\/Caisse-claire-Acier-SBS-Sound-Black-Steel-07.jpg","type":"image\/jpeg"}],"twitter_card":"summary_large_image","twitter_misc":{"Dur\u00e9e de lecture estim\u00e9e":"1 minute"},"schema":{"@context":"https:\/\/schema.org","@graph":[{"@type":"WebPage","@id":"https:\/\/soundrums-france.com\/index.php\/produit\/caisse-claire-acier-sbs-sound-black-steel-14-x-55\/","url":"https:\/\/soundrums-france.com\/index.php\/produit\/caisse-claire-acier-sbs-sound-black-steel-14-x-55\/","name":"Caisse claire Acier SBS \"Sound Black Steel\" - 14\" X 5,5\" - Soundrums","isPartOf":{"@id":"https:\/\/soundrums-france.com\/#website"},"primaryImageOfPage":{"@id":"https:\/\/soundrums-france.com\/index.php\/produit\/caisse-claire-acier-sbs-sound-black-steel-14-x-55\/#primaryimage"},"image":{"@id":"https:\/\/soundrums-france.com\/index.php\/produit\/caisse-claire-acier-sbs-sound-black-steel-14-x-55\/#primaryimage"},"thumbnailUrl":"https:\/\/soundrums-france.com\/wp-content\/uploads\/2020\/11\/Caisse-claire-Acier-SBS-Sound-Black-Steel-07.webp","datePublished":"2020-11-22T19:57:43+00:00","dateModified":"2024-12-10T14:21:08+00:00","description":"Venez d\u00e9couvrir notre Caisse claire Acier SBS \"Sound Black Steel\" - 14\" X 5,5\" haute de gamme.","breadcrumb":{"@id":"https:\/\/soundrums-france.com\/index.php\/produit\/caisse-claire-acier-sbs-sound-black-steel-14-x-55\/#breadcrumb"},"inLanguage":"fr-FR","potentialAction":[{"@type":"ReadAction","target":["https:\/\/soundrums-france.com\/index.php\/produit\/caisse-claire-acier-sbs-sound-black-steel-14-x-55\/"]}]},{"@type":"ImageObject","inLanguage":"fr-FR","@id":"https:\/\/soundrums-france.com\/index.php\/produit\/caisse-claire-acier-sbs-sound-black-steel-14-x-55\/#primaryimage","url":"https:\/\/soundrums-france.com\/wp-content\/uploads\/2020\/11\/Caisse-claire-Acier-SBS-Sound-Black-Steel-07.webp","contentUrl":"https:\/\/soundrums-france.com\/wp-content\/uploads\/2020\/11\/Caisse-claire-Acier-SBS-Sound-Black-Steel-07.webp","width":1200,"height":1200,"caption":"Caisse-claire Acier SBS -Sound Black Steel"},{"@type":"BreadcrumbList","@id":"https:\/\/soundrums-france.com\/index.php\/produit\/caisse-claire-acier-sbs-sound-black-steel-14-x-55\/#breadcrumb","itemListElement":[{"@type":"ListItem","position":1,"name":"Accueil","item":"https:\/\/soundrums-france.com\/"},{"@type":"ListItem","position":2,"name":"Des produits","item":"https:\/\/soundrums-france.com\/index.php\/shop\/"},{"@type":"ListItem","position":3,"name":"Caisse claire Acier SBS \u00ab\u00a0Sound Black Steel\u00a0\u00bb &#8211; 14&Prime; X 5,5&Prime;"}]},{"@type":"WebSite","@id":"https:\/\/soundrums-france.com\/#website","url":"https:\/\/soundrums-france.com\/","name":"Soundrums","description":"Manufacture Fran\u00e7aise de tambours","publisher":{"@id":"https:\/\/soundrums-france.com\/#organization"},"potentialAction":[{"@type":"SearchAction","target":{"@type":"EntryPoint","urlTemplate":"https:\/\/soundrums-france.com\/?s={search_term_string}"},"query-input":{"@type":"PropertyValueSpecification","valueRequired":true,"valueName":"search_term_string"}}],"inLanguage":"fr-FR"},{"@type":"Organization","@id":"https:\/\/soundrums-france.com\/#organization","name":"Soundrums-france","url":"https:\/\/soundrums-france.com\/","logo":{"@type":"ImageObject","inLanguage":"fr-FR","@id":"https:\/\/soundrums-france.com\/#\/schema\/logo\/image\/","url":"https:\/\/soundrums-france.com\/wp-content\/uploads\/2020\/10\/LogoSD_HD.jpg","contentUrl":"https:\/\/soundrums-france.com\/wp-content\/uploads\/2020\/10\/LogoSD_HD.jpg","width":1280,"height":930,"caption":"Soundrums-france"},"image":{"@id":"https:\/\/soundrums-france.com\/#\/schema\/logo\/image\/"},"sameAs":["https:\/\/www.facebook.com\/soundrums\/","https:\/\/www.youtube.com\/channel\/UC4S_W_0ZCdUFH3Y9xkv5bEw"]}]}},"uagb_featured_image_src":{"full":["https:\/\/soundrums-france.com\/wp-content\/uploads\/2020\/11\/Caisse-claire-Acier-SBS-Sound-Black-Steel-07.webp",1200,1200,false],"thumbnail":["https:\/\/soundrums-france.com\/wp-content\/uploads\/2020\/11\/Caisse-claire-Acier-SBS-Sound-Black-Steel-07-150x150.jpg",150,150,true],"medium":["https:\/\/soundrums-france.com\/wp-content\/uploads\/2020\/11\/Caisse-claire-Acier-SBS-Sound-Black-Steel-07-300x300.jpg",300,300,true],"medium_large":["https:\/\/soundrums-france.com\/wp-content\/uploads\/2020\/11\/Caisse-claire-Acier-SBS-Sound-Black-Steel-07-768x768.jpg",768,768,true],"large":["https:\/\/soundrums-france.com\/wp-content\/uploads\/2020\/11\/Caisse-claire-Acier-SBS-Sound-Black-Steel-07-1024x1024.jpg",1024,1024,true],"1536x1536":["https:\/\/soundrums-france.com\/wp-content\/uploads\/2020\/11\/Caisse-claire-Acier-SBS-Sound-Black-Steel-07.webp",1200,1200,false],"2048x2048":["https:\/\/soundrums-france.com\/wp-content\/uploads\/2020\/11\/Caisse-claire-Acier-SBS-Sound-Black-Steel-07.webp",1200,1200,false],"woocommerce_thumbnail":["https:\/\/soundrums-france.com\/wp-content\/uploads\/2020\/11\/Caisse-claire-Acier-SBS-Sound-Black-Steel-07-300x300.jpg",300,300,true],"woocommerce_single":["https:\/\/soundrums-france.com\/wp-content\/uploads\/2020\/11\/Caisse-claire-Acier-SBS-Sound-Black-Steel-07-600x600.jpg",600,600,true],"woocommerce_gallery_thumbnail":["https:\/\/soundrums-france.com\/wp-content\/uploads\/2020\/11\/Caisse-claire-Acier-SBS-Sound-Black-Steel-07-100x100.jpg",100,100,true]},"uagb_author_info":{"display_name":"Emmanuel JAY","author_link":"https:\/\/soundrums-france.com\/index.php\/author\/"},"uagb_comment_info":0,"uagb_excerpt":"F\u00fbt Acier renforc\u00e9 14\" x 5,5\" Finition rouge rubis m\u00e9tallis\u00e9e 8 tirants - Coquilles et accastillage noirs D\u00e9clencheur premium noir Cercles noirs Peau Remo Ambassador sabl\u00e9e","wcpa_form_fields":null,"_links":{"self":[{"href":"https:\/\/soundrums-france.com\/index.php\/wp-json\/wp\/v2\/product\/32067","targetHints":{"allow":["GET"]}}],"collection":[{"href":"https:\/\/soundrums-france.com\/index.php\/wp-json\/wp\/v2\/product"}],"about":[{"href":"https:\/\/soundrums-france.com\/index.php\/wp-json\/wp\/v2\/types\/product"}],"replies":[{"embeddable":true,"href":"https:\/\/soundrums-france.com\/index.php\/wp-json\/wp\/v2\/comments?post=32067"}],"version-history":[{"count":1,"href":"https:\/\/soundrums-france.com\/index.php\/wp-json\/wp\/v2\/product\/32067\/revisions"}],"predecessor-version":[{"id":33059,"href":"https:\/\/soundrums-france.com\/index.php\/wp-json\/wp\/v2\/product\/32067\/revisions\/33059"}],"wp:featuredmedia":[{"embeddable":true,"href":"https:\/\/soundrums-france.com\/index.php\/wp-json\/wp\/v2\/media\/33050"}],"wp:attachment":[{"href":"https:\/\/soundrums-france.com\/index.php\/wp-json\/wp\/v2\/media?parent=32067"}],"wp:term":[{"taxonomy":"product_cat","embeddable":true,"href":"https:\/\/soundrums-france.com\/index.php\/wp-json\/wp\/v2\/product_cat?post=32067"},{"taxonomy":"product_tag","embeddable":true,"href":"https:\/\/soundrums-france.com\/index.php\/wp-json\/wp\/v2\/product_tag?post=32067"}],"curies":[{"name":"wp","href":"https:\/\/api.w.org\/{rel}","templated":true}]}}