{"id":32211,"date":"2020-12-03T17:04:24","date_gmt":"2020-12-03T16:04:24","guid":{"rendered":"https:\/\/soundrums-france.com\/?post_type=product&#038;p=32211"},"modified":"2022-09-24T17:49:30","modified_gmt":"2022-09-24T15:49:30","slug":"tambour-a-corde-4-4-modele-start-plus-coloris-sur-mesure-copie","status":"publish","type":"product","link":"https:\/\/soundrums-france.com\/index.php\/produit\/tambour-a-corde-4-4-modele-start-plus-coloris-sur-mesure-copie\/","title":{"rendered":"Tambour \u00e0 Corde 3\/4 mod\u00e8le START+ (Coloris sur mesure)"},"content":{"rendered":"<p>Le mod\u00e8le de tambour \u00e0 corde \u00ab START+ \u00bb Soundrums\u00ae regroupe les qualit\u00e9s n\u00e9cessaires pour d\u00e9buter et jouer le tambour en toute s\u00e9r\u00e9nit\u00e9. Comme tous les instruments Soundrums\u00ae, il est fabriqu\u00e9 dans nos ateliers, enti\u00e8rement \u00e0 la main, et r\u00e9pond \u00e0 un cahier des charges strict et pr\u00e9cis pour vous garantir un son \u00e9quilibr\u00e9. Une belle entr\u00e9e de gamme pour un tambour fiable, fabriqu\u00e9 en France, avec une esth\u00e9tique SUR MESURE ! <strong>Peinture identique \u00e0 vos tambours actuels (analyse faite au spectrophotom\u00e8tre) pour vous permettre de continuer \u00e0 faire \u00e9voluer votre pupitre de tambours.<\/strong><\/p>\n","protected":false},"excerpt":{"rendered":"<p><span style=\"color: #000000;\"><em>Peinture identique \u00e0 vos tambours actuels (analyse faite au spectrophotom\u00e8tre) pour vous permettre de continuer \u00e0 faire \u00e9voluer votre pupitre de tambours!<\/em><\/span><\/p>\n<p>-Fabrication artisanale fran\u00e7aise<br \/>\n&#8211; F\u00fbt \u201cALUSOUND\u201d<br \/>\n<strong><span style=\"color: #000000;\">&#8211; COLORIS SUR MESURE<\/span><br \/>\n<\/strong>&#8211; Diam\u00e8tres 14\u201d (3\/4)<br \/>\n&#8211; Disponible en hauteur Ordonnance ou Parade<br \/>\n&#8211; Cercles H\u00eatre coloris bois vernis<br \/>\n&#8211; Cordage Polypropyl\u00e8ne (blanc ou imitation chanvre)<br \/>\n&#8211; Tirants cousus &#8211; Coloris Brun 100% fait main (Cuir fran\u00e7ais, tannage v\u00e9g\u00e9tal)<br \/>\n&#8211; D\u00e9clencheur Premium &#8211; Chrom\u00e9- Timbres Boyau de 1.8mm<br \/>\n&#8211; Peau de frappe REMO \u201cFiberskyn\u00ae\u201d<br \/>\n&#8211; Crochet d\u2019attache INOX \/ CUIR Brun<\/p>\n<p><strong>D\u00e9lai de fabrication et de livraison environ 5 \u00e0 8 semaines.<\/strong><\/p>\n","protected":false},"featured_media":32212,"comment_status":"closed","ping_status":"closed","template":"","meta":{"_uag_custom_page_level_css":"","site-sidebar-layout":"default","site-content-layout":"default","ast-global-header-display":"","ast-banner-title-visibility":"","ast-main-header-display":"","ast-hfb-above-header-display":"","ast-hfb-below-header-display":"","ast-hfb-mobile-header-display":"","site-post-title":"","ast-breadcrumbs-content":"","ast-featured-img":"","footer-sml-layout":"","theme-transparent-header-meta":"","adv-header-id-meta":"","stick-header-meta":"","header-above-stick-meta":"","header-main-stick-meta":"","header-below-stick-meta":""},"product_cat":[186,190],"product_tag":[219],"class_list":{"0":"post-32211","1":"product","2":"type-product","3":"status-publish","4":"has-post-thumbnail","6":"product_cat-instruments","7":"product_cat-tambours_corde","8":"product_tag-start","9":"product_shipping_class-tambours","10":"desktop-align-left","11":"tablet-align-left","12":"mobile-align-left","13":"wcpa_has_options","15":"first","16":"instock","17":"taxable","18":"shipping-taxable","19":"purchasable","20":"product-type-simple"},"yoast_head":"<!-- This site is optimized with the Yoast SEO plugin v24.1 - https:\/\/yoast.com\/wordpress\/plugins\/seo\/ -->\n<title>Tambour \u00e0 Corde 3\/4 mod\u00e8le START+ (Coloris sur mesure) - Soundrums<\/title>\n<meta name=\"description\" content=\"Venez d\u00e9couvrir notre Tambour \u00e0 Corde 3\/4 mod\u00e8le START+ (Coloris sur mesure) haute de gamme.\" \/>\n<meta name=\"robots\" content=\"index, follow, max-snippet:-1, max-image-preview:large, max-video-preview:-1\" \/>\n<link rel=\"canonical\" href=\"https:\/\/soundrums-france.com\/index.php\/produit\/tambour-a-corde-4-4-modele-start-plus-coloris-sur-mesure-copie\/\" \/>\n<meta property=\"og:locale\" content=\"fr_FR\" \/>\n<meta property=\"og:type\" content=\"article\" \/>\n<meta property=\"og:title\" content=\"Tambour \u00e0 Corde 3\/4 mod\u00e8le START+ (Coloris sur mesure) - Soundrums\" \/>\n<meta property=\"og:description\" content=\"Venez d\u00e9couvrir notre Tambour \u00e0 Corde 3\/4 mod\u00e8le START+ (Coloris sur mesure) haute de gamme.\" \/>\n<meta property=\"og:url\" content=\"https:\/\/soundrums-france.com\/index.php\/produit\/tambour-a-corde-4-4-modele-start-plus-coloris-sur-mesure-copie\/\" \/>\n<meta property=\"og:site_name\" content=\"Soundrums\" \/>\n<meta property=\"article:publisher\" content=\"https:\/\/www.facebook.com\/soundrums\/\" \/>\n<meta property=\"article:modified_time\" content=\"2022-09-24T15:49:30+00:00\" \/>\n<meta property=\"og:image\" content=\"https:\/\/soundrums-france.com\/wp-content\/uploads\/2020\/12\/Sart-plus-3-4-coul.jpg\" \/>\n\t<meta property=\"og:image:width\" content=\"1667\" \/>\n\t<meta property=\"og:image:height\" content=\"1667\" \/>\n\t<meta property=\"og:image:type\" content=\"image\/jpeg\" \/>\n<meta name=\"twitter:card\" content=\"summary_large_image\" \/>\n<script type=\"application\/ld+json\" class=\"yoast-schema-graph\">{\"@context\":\"https:\/\/schema.org\",\"@graph\":[{\"@type\":\"WebPage\",\"@id\":\"https:\/\/soundrums-france.com\/index.php\/produit\/tambour-a-corde-4-4-modele-start-plus-coloris-sur-mesure-copie\/\",\"url\":\"https:\/\/soundrums-france.com\/index.php\/produit\/tambour-a-corde-4-4-modele-start-plus-coloris-sur-mesure-copie\/\",\"name\":\"Tambour \u00e0 Corde 3\/4 mod\u00e8le START+ (Coloris sur mesure) - Soundrums\",\"isPartOf\":{\"@id\":\"https:\/\/soundrums-france.com\/#website\"},\"primaryImageOfPage\":{\"@id\":\"https:\/\/soundrums-france.com\/index.php\/produit\/tambour-a-corde-4-4-modele-start-plus-coloris-sur-mesure-copie\/#primaryimage\"},\"image\":{\"@id\":\"https:\/\/soundrums-france.com\/index.php\/produit\/tambour-a-corde-4-4-modele-start-plus-coloris-sur-mesure-copie\/#primaryimage\"},\"thumbnailUrl\":\"https:\/\/soundrums-france.com\/wp-content\/uploads\/2020\/12\/Sart-plus-3-4-coul.webp\",\"datePublished\":\"2020-12-03T16:04:24+00:00\",\"dateModified\":\"2022-09-24T15:49:30+00:00\",\"description\":\"Venez d\u00e9couvrir notre Tambour \u00e0 Corde 3\/4 mod\u00e8le START+ (Coloris sur mesure) haute de gamme.\",\"breadcrumb\":{\"@id\":\"https:\/\/soundrums-france.com\/index.php\/produit\/tambour-a-corde-4-4-modele-start-plus-coloris-sur-mesure-copie\/#breadcrumb\"},\"inLanguage\":\"fr-FR\",\"potentialAction\":[{\"@type\":\"ReadAction\",\"target\":[\"https:\/\/soundrums-france.com\/index.php\/produit\/tambour-a-corde-4-4-modele-start-plus-coloris-sur-mesure-copie\/\"]}]},{\"@type\":\"ImageObject\",\"inLanguage\":\"fr-FR\",\"@id\":\"https:\/\/soundrums-france.com\/index.php\/produit\/tambour-a-corde-4-4-modele-start-plus-coloris-sur-mesure-copie\/#primaryimage\",\"url\":\"https:\/\/soundrums-france.com\/wp-content\/uploads\/2020\/12\/Sart-plus-3-4-coul.webp\",\"contentUrl\":\"https:\/\/soundrums-france.com\/wp-content\/uploads\/2020\/12\/Sart-plus-3-4-coul.webp\",\"width\":1667,\"height\":1667,\"caption\":\"Tambour Start Plus + coloris - Soundrums\"},{\"@type\":\"BreadcrumbList\",\"@id\":\"https:\/\/soundrums-france.com\/index.php\/produit\/tambour-a-corde-4-4-modele-start-plus-coloris-sur-mesure-copie\/#breadcrumb\",\"itemListElement\":[{\"@type\":\"ListItem\",\"position\":1,\"name\":\"Accueil\",\"item\":\"https:\/\/soundrums-france.com\/\"},{\"@type\":\"ListItem\",\"position\":2,\"name\":\"Des produits\",\"item\":\"https:\/\/soundrums-france.com\/index.php\/shop\/\"},{\"@type\":\"ListItem\",\"position\":3,\"name\":\"Tambour \u00e0 Corde 3\/4 mod\u00e8le START+ (Coloris sur mesure)\"}]},{\"@type\":\"WebSite\",\"@id\":\"https:\/\/soundrums-france.com\/#website\",\"url\":\"https:\/\/soundrums-france.com\/\",\"name\":\"Soundrums\",\"description\":\"Manufacture Fran\u00e7aise de tambours\",\"publisher\":{\"@id\":\"https:\/\/soundrums-france.com\/#organization\"},\"potentialAction\":[{\"@type\":\"SearchAction\",\"target\":{\"@type\":\"EntryPoint\",\"urlTemplate\":\"https:\/\/soundrums-france.com\/?s={search_term_string}\"},\"query-input\":{\"@type\":\"PropertyValueSpecification\",\"valueRequired\":true,\"valueName\":\"search_term_string\"}}],\"inLanguage\":\"fr-FR\"},{\"@type\":\"Organization\",\"@id\":\"https:\/\/soundrums-france.com\/#organization\",\"name\":\"Soundrums-france\",\"url\":\"https:\/\/soundrums-france.com\/\",\"logo\":{\"@type\":\"ImageObject\",\"inLanguage\":\"fr-FR\",\"@id\":\"https:\/\/soundrums-france.com\/#\/schema\/logo\/image\/\",\"url\":\"https:\/\/soundrums-france.com\/wp-content\/uploads\/2020\/10\/LogoSD_HD.jpg\",\"contentUrl\":\"https:\/\/soundrums-france.com\/wp-content\/uploads\/2020\/10\/LogoSD_HD.jpg\",\"width\":1280,\"height\":930,\"caption\":\"Soundrums-france\"},\"image\":{\"@id\":\"https:\/\/soundrums-france.com\/#\/schema\/logo\/image\/\"},\"sameAs\":[\"https:\/\/www.facebook.com\/soundrums\/\",\"https:\/\/www.youtube.com\/channel\/UC4S_W_0ZCdUFH3Y9xkv5bEw\"]}]}<\/script>\n<!-- \/ Yoast SEO plugin. -->","yoast_head_json":{"title":"Tambour \u00e0 Corde 3\/4 mod\u00e8le START+ (Coloris sur mesure) - Soundrums","description":"Venez d\u00e9couvrir notre Tambour \u00e0 Corde 3\/4 mod\u00e8le START+ (Coloris sur mesure) haute de gamme.","robots":{"index":"index","follow":"follow","max-snippet":"max-snippet:-1","max-image-preview":"max-image-preview:large","max-video-preview":"max-video-preview:-1"},"canonical":"https:\/\/soundrums-france.com\/index.php\/produit\/tambour-a-corde-4-4-modele-start-plus-coloris-sur-mesure-copie\/","og_locale":"fr_FR","og_type":"article","og_title":"Tambour \u00e0 Corde 3\/4 mod\u00e8le START+ (Coloris sur mesure) - Soundrums","og_description":"Venez d\u00e9couvrir notre Tambour \u00e0 Corde 3\/4 mod\u00e8le START+ (Coloris sur mesure) haute de gamme.","og_url":"https:\/\/soundrums-france.com\/index.php\/produit\/tambour-a-corde-4-4-modele-start-plus-coloris-sur-mesure-copie\/","og_site_name":"Soundrums","article_publisher":"https:\/\/www.facebook.com\/soundrums\/","article_modified_time":"2022-09-24T15:49:30+00:00","og_image":[{"width":1667,"height":1667,"url":"https:\/\/soundrums-france.com\/wp-content\/uploads\/2020\/12\/Sart-plus-3-4-coul.jpg","type":"image\/jpeg"}],"twitter_card":"summary_large_image","schema":{"@context":"https:\/\/schema.org","@graph":[{"@type":"WebPage","@id":"https:\/\/soundrums-france.com\/index.php\/produit\/tambour-a-corde-4-4-modele-start-plus-coloris-sur-mesure-copie\/","url":"https:\/\/soundrums-france.com\/index.php\/produit\/tambour-a-corde-4-4-modele-start-plus-coloris-sur-mesure-copie\/","name":"Tambour \u00e0 Corde 3\/4 mod\u00e8le START+ (Coloris sur mesure) - Soundrums","isPartOf":{"@id":"https:\/\/soundrums-france.com\/#website"},"primaryImageOfPage":{"@id":"https:\/\/soundrums-france.com\/index.php\/produit\/tambour-a-corde-4-4-modele-start-plus-coloris-sur-mesure-copie\/#primaryimage"},"image":{"@id":"https:\/\/soundrums-france.com\/index.php\/produit\/tambour-a-corde-4-4-modele-start-plus-coloris-sur-mesure-copie\/#primaryimage"},"thumbnailUrl":"https:\/\/soundrums-france.com\/wp-content\/uploads\/2020\/12\/Sart-plus-3-4-coul.webp","datePublished":"2020-12-03T16:04:24+00:00","dateModified":"2022-09-24T15:49:30+00:00","description":"Venez d\u00e9couvrir notre Tambour \u00e0 Corde 3\/4 mod\u00e8le START+ (Coloris sur mesure) haute de gamme.","breadcrumb":{"@id":"https:\/\/soundrums-france.com\/index.php\/produit\/tambour-a-corde-4-4-modele-start-plus-coloris-sur-mesure-copie\/#breadcrumb"},"inLanguage":"fr-FR","potentialAction":[{"@type":"ReadAction","target":["https:\/\/soundrums-france.com\/index.php\/produit\/tambour-a-corde-4-4-modele-start-plus-coloris-sur-mesure-copie\/"]}]},{"@type":"ImageObject","inLanguage":"fr-FR","@id":"https:\/\/soundrums-france.com\/index.php\/produit\/tambour-a-corde-4-4-modele-start-plus-coloris-sur-mesure-copie\/#primaryimage","url":"https:\/\/soundrums-france.com\/wp-content\/uploads\/2020\/12\/Sart-plus-3-4-coul.webp","contentUrl":"https:\/\/soundrums-france.com\/wp-content\/uploads\/2020\/12\/Sart-plus-3-4-coul.webp","width":1667,"height":1667,"caption":"Tambour Start Plus + coloris - Soundrums"},{"@type":"BreadcrumbList","@id":"https:\/\/soundrums-france.com\/index.php\/produit\/tambour-a-corde-4-4-modele-start-plus-coloris-sur-mesure-copie\/#breadcrumb","itemListElement":[{"@type":"ListItem","position":1,"name":"Accueil","item":"https:\/\/soundrums-france.com\/"},{"@type":"ListItem","position":2,"name":"Des produits","item":"https:\/\/soundrums-france.com\/index.php\/shop\/"},{"@type":"ListItem","position":3,"name":"Tambour \u00e0 Corde 3\/4 mod\u00e8le START+ (Coloris sur mesure)"}]},{"@type":"WebSite","@id":"https:\/\/soundrums-france.com\/#website","url":"https:\/\/soundrums-france.com\/","name":"Soundrums","description":"Manufacture Fran\u00e7aise de tambours","publisher":{"@id":"https:\/\/soundrums-france.com\/#organization"},"potentialAction":[{"@type":"SearchAction","target":{"@type":"EntryPoint","urlTemplate":"https:\/\/soundrums-france.com\/?s={search_term_string}"},"query-input":{"@type":"PropertyValueSpecification","valueRequired":true,"valueName":"search_term_string"}}],"inLanguage":"fr-FR"},{"@type":"Organization","@id":"https:\/\/soundrums-france.com\/#organization","name":"Soundrums-france","url":"https:\/\/soundrums-france.com\/","logo":{"@type":"ImageObject","inLanguage":"fr-FR","@id":"https:\/\/soundrums-france.com\/#\/schema\/logo\/image\/","url":"https:\/\/soundrums-france.com\/wp-content\/uploads\/2020\/10\/LogoSD_HD.jpg","contentUrl":"https:\/\/soundrums-france.com\/wp-content\/uploads\/2020\/10\/LogoSD_HD.jpg","width":1280,"height":930,"caption":"Soundrums-france"},"image":{"@id":"https:\/\/soundrums-france.com\/#\/schema\/logo\/image\/"},"sameAs":["https:\/\/www.facebook.com\/soundrums\/","https:\/\/www.youtube.com\/channel\/UC4S_W_0ZCdUFH3Y9xkv5bEw"]}]}},"uagb_featured_image_src":{"full":["https:\/\/soundrums-france.com\/wp-content\/uploads\/2020\/12\/Sart-plus-3-4-coul.webp",1667,1667,false],"thumbnail":["https:\/\/soundrums-france.com\/wp-content\/uploads\/2020\/12\/Sart-plus-3-4-coul-150x150.jpg",150,150,true],"medium":["https:\/\/soundrums-france.com\/wp-content\/uploads\/2020\/12\/Sart-plus-3-4-coul-300x300.jpg",300,300,true],"medium_large":["https:\/\/soundrums-france.com\/wp-content\/uploads\/2020\/12\/Sart-plus-3-4-coul-768x768.jpg",768,768,true],"large":["https:\/\/soundrums-france.com\/wp-content\/uploads\/2020\/12\/Sart-plus-3-4-coul-1024x1024.jpg",1024,1024,true],"1536x1536":["https:\/\/soundrums-france.com\/wp-content\/uploads\/2020\/12\/Sart-plus-3-4-coul-1536x1536.jpg",1536,1536,true],"2048x2048":["https:\/\/soundrums-france.com\/wp-content\/uploads\/2020\/12\/Sart-plus-3-4-coul.webp",1667,1667,false],"woocommerce_thumbnail":["https:\/\/soundrums-france.com\/wp-content\/uploads\/2020\/12\/Sart-plus-3-4-coul-300x300.jpg",300,300,true],"woocommerce_single":["https:\/\/soundrums-france.com\/wp-content\/uploads\/2020\/12\/Sart-plus-3-4-coul-600x600.jpg",600,600,true],"woocommerce_gallery_thumbnail":["https:\/\/soundrums-france.com\/wp-content\/uploads\/2020\/12\/Sart-plus-3-4-coul-100x100.jpg",100,100,true]},"uagb_author_info":{"display_name":"Emmanuel JAY","author_link":"https:\/\/soundrums-france.com\/index.php\/author\/"},"uagb_comment_info":0,"uagb_excerpt":"Peinture identique \u00e0 vos tambours actuels (analyse faite au spectrophotom\u00e8tre) pour vous permettre de continuer \u00e0 faire \u00e9voluer votre pupitre de tambours! -Fabrication artisanale fran\u00e7aise - F\u00fbt \u201cALUSOUND\u201d - COLORIS SUR MESURE - Diam\u00e8tres 14\u201d (3\/4) - Disponible en hauteur Ordonnance ou Parade - Cercles H\u00eatre coloris bois vernis - Cordage Polypropyl\u00e8ne (blanc ou imitation\u2026","wcpa_form_fields":{"wcpaData":{"product":{"product_price":870,"price_html":"<span class=\"woocommerce-Price-amount amount\"><bdi>870,00<span class=\"woocommerce-Price-currencySymbol\">&euro;<\/span><\/bdi><\/span>","original_product_price":870,"price_including_tax":870,"price_excluding_tax":725,"product_id":{"parent":32211,"variation":false},"is_variable":false,"stock_status":"instock","stock_quantity":null,"parent_sku":"TS+14","product_attributes":[],"custom_fields":[],"is_taxable":true,"product_name":"Tambour \u00e0 Corde 3\/4 mod\u00e8le START+ (Coloris sur mesure)"},"fields":{"sec_969d54c226f70e":{"extra":{"key":"sec_969d54c226f70e","section_id":"sec_969d54c226f70e","name":"Default","status":1,"cl_rule":"show","enableCl":false,"relations":[],"toggle":true,"title_tag":"h3","show_title":false,"showPrice":"default","form_id":31875,"form_rules":{"exclude_from_discount":false,"fee_label":"Frais","disp_hide_options_price":false,"disp_show_section_price":false,"disp_show_field_price":true,"layout_option":"standard","pric_use_as_fee":false,"process_fee_as":"woo_fee"},"layout_option":"standard"},"fields":[[{"type":"select","elementId":"wcpa-select-5fac56a5a30a5","label":"Hauteur","enablePrice":true,"priceOptions":"different_for_all","pricingType":"fixed","name":"select-5fac56a5a30b1","cl_rule":"show","col":6,"values":[{"label":"Hauteur Ordonnan 10\"\/25cm","value":"option-1","price":"0","pimage":"","pimage_id":"","pthumb":"","gt_translate_keys":["label"]},{"label":"Hauteur Parade 13\"\/33cm","value":"option-2","price":"0","pimage":"","pimage_id":"","pthumb":"","gt_translate_keys":["label"]}],"relations":false,"active":true,"tooltip":"","gt_translate_keys":["label","tooltip"],"price_dependency":false,"cl_dependency":false,"value":""}],[{"type":"select","elementId":"wcpa-select-1610487544196","label":"Option tranquillit\u00e9 :","enablePrice":true,"priceOptions":"different_for_all","pricingType":"fixed","name":"select-1610487544196","cl_rule":"show","col":6,"values":[{"label":"Aucun","value":"option-0","price":"0","pimage":"","pimage_id":"","pthumb":"","gt_translate_keys":["label"]},{"label":"12 mois","value":"option-1","price":"85","pimage":"","pimage_id":"","pthumb":"","gt_translate_keys":["label"]},{"label":"24 mois","value":"option-2","price":"150","pimage":"","pimage_id":"","pthumb":"","gt_translate_keys":["label"]},{"label":"36 mois","value":"option-3","price":"220","pimage":"","pimage_id":"","pthumb":"","gt_translate_keys":["label"]},{"label":"48 mois","value":"option-4","price":"300","pimage":"","pimage_id":"","pthumb":"","gt_translate_keys":["label"]}],"relations":false,"active":true,"tooltip":"","gt_translate_keys":["label","tooltip"],"price_dependency":false,"cl_dependency":false,"value":""}]]}},"config":{"price_override":"","enable_recaptcha":false,"bind_quantity":false,"quantity_bind_formula":false,"disp_summ_show_option_price":true,"disp_summ_show_product_price":true,"disp_summ_show_total_price":true,"disp_summ_show_fee":false,"disp_summ_show_discount":false,"summary_title":"","options_total_label":"Montant des options","total_label":"Total","options_product_label":"Prix du produit","fee_label":"Frais","discount_label":"Discount","has_price":true,"has_quantity_formula":false},"mc_unit":1,"tax_rate":1,"tax_rate_real":0.2,"discount":{"percentage":0,"fixed":0},"design":{"conf":{"LabelPosition":"above","DescPosition":"left","UploadField":"custom_1","QuantityFieldStyle":"default"},"css":{"LeftLabelWidth":"120px"}},"formulas":[],"clones":false,"cartKey":false}},"_links":{"self":[{"href":"https:\/\/soundrums-france.com\/index.php\/wp-json\/wp\/v2\/product\/32211","targetHints":{"allow":["GET"]}}],"collection":[{"href":"https:\/\/soundrums-france.com\/index.php\/wp-json\/wp\/v2\/product"}],"about":[{"href":"https:\/\/soundrums-france.com\/index.php\/wp-json\/wp\/v2\/types\/product"}],"replies":[{"embeddable":true,"href":"https:\/\/soundrums-france.com\/index.php\/wp-json\/wp\/v2\/comments?post=32211"}],"version-history":[{"count":1,"href":"https:\/\/soundrums-france.com\/index.php\/wp-json\/wp\/v2\/product\/32211\/revisions"}],"predecessor-version":[{"id":38754,"href":"https:\/\/soundrums-france.com\/index.php\/wp-json\/wp\/v2\/product\/32211\/revisions\/38754"}],"wp:featuredmedia":[{"embeddable":true,"href":"https:\/\/soundrums-france.com\/index.php\/wp-json\/wp\/v2\/media\/32212"}],"wp:attachment":[{"href":"https:\/\/soundrums-france.com\/index.php\/wp-json\/wp\/v2\/media?parent=32211"}],"wp:term":[{"taxonomy":"product_cat","embeddable":true,"href":"https:\/\/soundrums-france.com\/index.php\/wp-json\/wp\/v2\/product_cat?post=32211"},{"taxonomy":"product_tag","embeddable":true,"href":"https:\/\/soundrums-france.com\/index.php\/wp-json\/wp\/v2\/product_tag?post=32211"}],"curies":[{"name":"wp","href":"https:\/\/api.w.org\/{rel}","templated":true}]}}