{"id":32457,"date":"2020-12-11T09:30:37","date_gmt":"2020-12-11T08:30:37","guid":{"rendered":"https:\/\/soundrums-france.com\/?post_type=product&#038;p=32457"},"modified":"2024-06-19T15:56:17","modified_gmt":"2024-06-19T13:56:17","slug":"peau-de-timbre-remo-renaissance","status":"publish","type":"product","link":"https:\/\/soundrums-france.com\/index.php\/produit\/peau-de-timbre-remo-renaissance\/","title":{"rendered":"Peau de timbre 15&Prime; REMO Renaissance\u00ae"},"content":{"rendered":"<div>\n<div id=\"description\" class=\"tab-pane in active\">\n<div class=\"product-description\">\n<div class=\"rte-content\">\n<div class=\"std\">La peau <strong>Remo<\/strong> <strong>Renaissance\u2122\u00a0 Timbre<\/strong> est une peau un simple-pli de 3 milli\u00e8me d&rsquo;\u00e9paisseur pour produire une sonorit\u00e9 chaude, ouverte et r\u00e9sonante avec une attaque chaleureuse.<\/div>\n<p>La gamme <strong>Renaissance<\/strong> est la plus grosse \u00e9volution chez <strong>Remo<\/strong> depuis le d\u00e9veloppement des Weatherking Ambassador, Diplomat et Emperor. Toutes les peaux <strong>Renaissance<\/strong> offrent une face sup\u00e9rieure impr\u00e9gn\u00e9e d&rsquo;une r\u00e9sine textur\u00e9e, qui les rendent excellentes pour le jeu aux baguettes, balais et mailloches. Elles procurent une sonorit\u00e9 plus riche et plus \u00e9quilibr\u00e9e.<\/p>\n<\/div>\n<\/div>\n<\/div>\n<\/div>\n","protected":false},"excerpt":{"rendered":"<div id=\"product-description-short-797\" class=\"rte-content\">\n<p>La peau <strong>Remo<\/strong> <strong>Renaissance<span class=\"tlid-translation translation\" lang=\"fr\" xml:lang=\"fr\"><span title=\"\">\u00ae<\/span><\/span> Timbre<\/strong> est une peau un simple-pli de 3 milli\u00e8me d&rsquo;\u00e9paisseur pour produire une sonorit\u00e9 chaude, ouverte et r\u00e9sonante avec une attaque chaleureuse.<\/p>\n<\/div>\n<ul>\n<li><em>Simple pli<\/em><\/li>\n<li><em>Epaisseur: 3 milli\u00e8mes<\/em><\/li>\n<li><em>Diam\u00e8tre 15&Prime;<\/em><\/li>\n<\/ul>\n<p><strong>Autres dimensions sur demande.<\/strong><\/p>\n","protected":false},"featured_media":32448,"comment_status":"open","ping_status":"closed","template":"","meta":{"_uag_custom_page_level_css":"","site-sidebar-layout":"default","site-content-layout":"default","ast-global-header-display":"","ast-banner-title-visibility":"","ast-main-header-display":"","ast-hfb-above-header-display":"","ast-hfb-below-header-display":"","ast-hfb-mobile-header-display":"","site-post-title":"","ast-breadcrumbs-content":"","ast-featured-img":"","footer-sml-layout":"","theme-transparent-header-meta":"","adv-header-id-meta":"","stick-header-meta":"","header-above-stick-meta":"","header-main-stick-meta":"","header-below-stick-meta":""},"product_cat":[187,224,199,227],"product_tag":[],"class_list":{"0":"post-32457","1":"product","2":"type-product","3":"status-publish","4":"has-post-thumbnail","6":"product_cat-accessoires","7":"product_cat-peaux","8":"product_cat-pieces_detachees","9":"product_cat-autres","10":"desktop-align-left","11":"tablet-align-left","12":"mobile-align-left","14":"first","15":"onbackorder","16":"taxable","17":"shipping-taxable","18":"purchasable","19":"product-type-simple"},"yoast_head":"<!-- This site is optimized with the Yoast SEO plugin v24.1 - https:\/\/yoast.com\/wordpress\/plugins\/seo\/ -->\n<title>Peau de timbre 15&quot; REMO Renaissance\u00ae - Soundrums<\/title>\n<meta name=\"description\" content=\"Venez d\u00e9couvrir notre Peau de timbre 15&quot; REMO Renaissance\u00ae haute de gamme.\" \/>\n<meta name=\"robots\" content=\"index, follow, max-snippet:-1, max-image-preview:large, max-video-preview:-1\" \/>\n<link rel=\"canonical\" href=\"https:\/\/soundrums-france.com\/index.php\/produit\/peau-de-timbre-remo-renaissance\/\" \/>\n<meta property=\"og:locale\" content=\"fr_FR\" \/>\n<meta property=\"og:type\" content=\"article\" \/>\n<meta property=\"og:title\" content=\"Peau de timbre 15&quot; REMO Renaissance\u00ae - Soundrums\" \/>\n<meta property=\"og:description\" content=\"Venez d\u00e9couvrir notre Peau de timbre 15&quot; REMO Renaissance\u00ae haute de gamme.\" \/>\n<meta property=\"og:url\" content=\"https:\/\/soundrums-france.com\/index.php\/produit\/peau-de-timbre-remo-renaissance\/\" \/>\n<meta property=\"og:site_name\" content=\"Soundrums\" \/>\n<meta property=\"article:publisher\" content=\"https:\/\/www.facebook.com\/soundrums\/\" \/>\n<meta property=\"article:modified_time\" content=\"2024-06-19T13:56:17+00:00\" \/>\n<meta property=\"og:image\" content=\"https:\/\/soundrums-france.com\/wp-content\/uploads\/2020\/12\/Peau-Remo-renaissance-Timbre-Soundrums.jpg\" \/>\n\t<meta property=\"og:image:width\" content=\"1200\" \/>\n\t<meta property=\"og:image:height\" content=\"1200\" \/>\n\t<meta property=\"og:image:type\" content=\"image\/jpeg\" \/>\n<meta name=\"twitter:card\" content=\"summary_large_image\" \/>\n<script type=\"application\/ld+json\" class=\"yoast-schema-graph\">{\"@context\":\"https:\/\/schema.org\",\"@graph\":[{\"@type\":\"WebPage\",\"@id\":\"https:\/\/soundrums-france.com\/index.php\/produit\/peau-de-timbre-remo-renaissance\/\",\"url\":\"https:\/\/soundrums-france.com\/index.php\/produit\/peau-de-timbre-remo-renaissance\/\",\"name\":\"Peau de timbre 15\\\" REMO Renaissance\u00ae - Soundrums\",\"isPartOf\":{\"@id\":\"https:\/\/soundrums-france.com\/#website\"},\"primaryImageOfPage\":{\"@id\":\"https:\/\/soundrums-france.com\/index.php\/produit\/peau-de-timbre-remo-renaissance\/#primaryimage\"},\"image\":{\"@id\":\"https:\/\/soundrums-france.com\/index.php\/produit\/peau-de-timbre-remo-renaissance\/#primaryimage\"},\"thumbnailUrl\":\"https:\/\/soundrums-france.com\/wp-content\/uploads\/2020\/12\/Peau-Remo-renaissance-Timbre-Soundrums.webp\",\"datePublished\":\"2020-12-11T08:30:37+00:00\",\"dateModified\":\"2024-06-19T13:56:17+00:00\",\"description\":\"Venez d\u00e9couvrir notre Peau de timbre 15\\\" REMO Renaissance\u00ae haute de gamme.\",\"breadcrumb\":{\"@id\":\"https:\/\/soundrums-france.com\/index.php\/produit\/peau-de-timbre-remo-renaissance\/#breadcrumb\"},\"inLanguage\":\"fr-FR\",\"potentialAction\":[{\"@type\":\"ReadAction\",\"target\":[\"https:\/\/soundrums-france.com\/index.php\/produit\/peau-de-timbre-remo-renaissance\/\"]}]},{\"@type\":\"ImageObject\",\"inLanguage\":\"fr-FR\",\"@id\":\"https:\/\/soundrums-france.com\/index.php\/produit\/peau-de-timbre-remo-renaissance\/#primaryimage\",\"url\":\"https:\/\/soundrums-france.com\/wp-content\/uploads\/2020\/12\/Peau-Remo-renaissance-Timbre-Soundrums.webp\",\"contentUrl\":\"https:\/\/soundrums-france.com\/wp-content\/uploads\/2020\/12\/Peau-Remo-renaissance-Timbre-Soundrums.webp\",\"width\":1200,\"height\":1200,\"caption\":\"Peau Remo Timbre renaissance\"},{\"@type\":\"BreadcrumbList\",\"@id\":\"https:\/\/soundrums-france.com\/index.php\/produit\/peau-de-timbre-remo-renaissance\/#breadcrumb\",\"itemListElement\":[{\"@type\":\"ListItem\",\"position\":1,\"name\":\"Accueil\",\"item\":\"https:\/\/soundrums-france.com\/\"},{\"@type\":\"ListItem\",\"position\":2,\"name\":\"Des produits\",\"item\":\"https:\/\/soundrums-france.com\/index.php\/shop\/\"},{\"@type\":\"ListItem\",\"position\":3,\"name\":\"Peau de timbre 15&Prime; REMO Renaissance\u00ae\"}]},{\"@type\":\"WebSite\",\"@id\":\"https:\/\/soundrums-france.com\/#website\",\"url\":\"https:\/\/soundrums-france.com\/\",\"name\":\"Soundrums\",\"description\":\"Manufacture Fran\u00e7aise de tambours\",\"publisher\":{\"@id\":\"https:\/\/soundrums-france.com\/#organization\"},\"potentialAction\":[{\"@type\":\"SearchAction\",\"target\":{\"@type\":\"EntryPoint\",\"urlTemplate\":\"https:\/\/soundrums-france.com\/?s={search_term_string}\"},\"query-input\":{\"@type\":\"PropertyValueSpecification\",\"valueRequired\":true,\"valueName\":\"search_term_string\"}}],\"inLanguage\":\"fr-FR\"},{\"@type\":\"Organization\",\"@id\":\"https:\/\/soundrums-france.com\/#organization\",\"name\":\"Soundrums-france\",\"url\":\"https:\/\/soundrums-france.com\/\",\"logo\":{\"@type\":\"ImageObject\",\"inLanguage\":\"fr-FR\",\"@id\":\"https:\/\/soundrums-france.com\/#\/schema\/logo\/image\/\",\"url\":\"https:\/\/soundrums-france.com\/wp-content\/uploads\/2020\/10\/LogoSD_HD.jpg\",\"contentUrl\":\"https:\/\/soundrums-france.com\/wp-content\/uploads\/2020\/10\/LogoSD_HD.jpg\",\"width\":1280,\"height\":930,\"caption\":\"Soundrums-france\"},\"image\":{\"@id\":\"https:\/\/soundrums-france.com\/#\/schema\/logo\/image\/\"},\"sameAs\":[\"https:\/\/www.facebook.com\/soundrums\/\",\"https:\/\/www.youtube.com\/channel\/UC4S_W_0ZCdUFH3Y9xkv5bEw\"]}]}<\/script>\n<!-- \/ Yoast SEO plugin. -->","yoast_head_json":{"title":"Peau de timbre 15\" REMO Renaissance\u00ae - Soundrums","description":"Venez d\u00e9couvrir notre Peau de timbre 15\" REMO Renaissance\u00ae haute de gamme.","robots":{"index":"index","follow":"follow","max-snippet":"max-snippet:-1","max-image-preview":"max-image-preview:large","max-video-preview":"max-video-preview:-1"},"canonical":"https:\/\/soundrums-france.com\/index.php\/produit\/peau-de-timbre-remo-renaissance\/","og_locale":"fr_FR","og_type":"article","og_title":"Peau de timbre 15\" REMO Renaissance\u00ae - Soundrums","og_description":"Venez d\u00e9couvrir notre Peau de timbre 15\" REMO Renaissance\u00ae haute de gamme.","og_url":"https:\/\/soundrums-france.com\/index.php\/produit\/peau-de-timbre-remo-renaissance\/","og_site_name":"Soundrums","article_publisher":"https:\/\/www.facebook.com\/soundrums\/","article_modified_time":"2024-06-19T13:56:17+00:00","og_image":[{"width":1200,"height":1200,"url":"https:\/\/soundrums-france.com\/wp-content\/uploads\/2020\/12\/Peau-Remo-renaissance-Timbre-Soundrums.jpg","type":"image\/jpeg"}],"twitter_card":"summary_large_image","schema":{"@context":"https:\/\/schema.org","@graph":[{"@type":"WebPage","@id":"https:\/\/soundrums-france.com\/index.php\/produit\/peau-de-timbre-remo-renaissance\/","url":"https:\/\/soundrums-france.com\/index.php\/produit\/peau-de-timbre-remo-renaissance\/","name":"Peau de timbre 15\" REMO Renaissance\u00ae - Soundrums","isPartOf":{"@id":"https:\/\/soundrums-france.com\/#website"},"primaryImageOfPage":{"@id":"https:\/\/soundrums-france.com\/index.php\/produit\/peau-de-timbre-remo-renaissance\/#primaryimage"},"image":{"@id":"https:\/\/soundrums-france.com\/index.php\/produit\/peau-de-timbre-remo-renaissance\/#primaryimage"},"thumbnailUrl":"https:\/\/soundrums-france.com\/wp-content\/uploads\/2020\/12\/Peau-Remo-renaissance-Timbre-Soundrums.webp","datePublished":"2020-12-11T08:30:37+00:00","dateModified":"2024-06-19T13:56:17+00:00","description":"Venez d\u00e9couvrir notre Peau de timbre 15\" REMO Renaissance\u00ae haute de gamme.","breadcrumb":{"@id":"https:\/\/soundrums-france.com\/index.php\/produit\/peau-de-timbre-remo-renaissance\/#breadcrumb"},"inLanguage":"fr-FR","potentialAction":[{"@type":"ReadAction","target":["https:\/\/soundrums-france.com\/index.php\/produit\/peau-de-timbre-remo-renaissance\/"]}]},{"@type":"ImageObject","inLanguage":"fr-FR","@id":"https:\/\/soundrums-france.com\/index.php\/produit\/peau-de-timbre-remo-renaissance\/#primaryimage","url":"https:\/\/soundrums-france.com\/wp-content\/uploads\/2020\/12\/Peau-Remo-renaissance-Timbre-Soundrums.webp","contentUrl":"https:\/\/soundrums-france.com\/wp-content\/uploads\/2020\/12\/Peau-Remo-renaissance-Timbre-Soundrums.webp","width":1200,"height":1200,"caption":"Peau Remo Timbre renaissance"},{"@type":"BreadcrumbList","@id":"https:\/\/soundrums-france.com\/index.php\/produit\/peau-de-timbre-remo-renaissance\/#breadcrumb","itemListElement":[{"@type":"ListItem","position":1,"name":"Accueil","item":"https:\/\/soundrums-france.com\/"},{"@type":"ListItem","position":2,"name":"Des produits","item":"https:\/\/soundrums-france.com\/index.php\/shop\/"},{"@type":"ListItem","position":3,"name":"Peau de timbre 15&Prime; REMO Renaissance\u00ae"}]},{"@type":"WebSite","@id":"https:\/\/soundrums-france.com\/#website","url":"https:\/\/soundrums-france.com\/","name":"Soundrums","description":"Manufacture Fran\u00e7aise de tambours","publisher":{"@id":"https:\/\/soundrums-france.com\/#organization"},"potentialAction":[{"@type":"SearchAction","target":{"@type":"EntryPoint","urlTemplate":"https:\/\/soundrums-france.com\/?s={search_term_string}"},"query-input":{"@type":"PropertyValueSpecification","valueRequired":true,"valueName":"search_term_string"}}],"inLanguage":"fr-FR"},{"@type":"Organization","@id":"https:\/\/soundrums-france.com\/#organization","name":"Soundrums-france","url":"https:\/\/soundrums-france.com\/","logo":{"@type":"ImageObject","inLanguage":"fr-FR","@id":"https:\/\/soundrums-france.com\/#\/schema\/logo\/image\/","url":"https:\/\/soundrums-france.com\/wp-content\/uploads\/2020\/10\/LogoSD_HD.jpg","contentUrl":"https:\/\/soundrums-france.com\/wp-content\/uploads\/2020\/10\/LogoSD_HD.jpg","width":1280,"height":930,"caption":"Soundrums-france"},"image":{"@id":"https:\/\/soundrums-france.com\/#\/schema\/logo\/image\/"},"sameAs":["https:\/\/www.facebook.com\/soundrums\/","https:\/\/www.youtube.com\/channel\/UC4S_W_0ZCdUFH3Y9xkv5bEw"]}]}},"uagb_featured_image_src":{"full":["https:\/\/soundrums-france.com\/wp-content\/uploads\/2020\/12\/Peau-Remo-renaissance-Timbre-Soundrums.webp",1200,1200,false],"thumbnail":["https:\/\/soundrums-france.com\/wp-content\/uploads\/2020\/12\/Peau-Remo-renaissance-Timbre-Soundrums-150x150.jpg",150,150,true],"medium":["https:\/\/soundrums-france.com\/wp-content\/uploads\/2020\/12\/Peau-Remo-renaissance-Timbre-Soundrums-300x300.jpg",300,300,true],"medium_large":["https:\/\/soundrums-france.com\/wp-content\/uploads\/2020\/12\/Peau-Remo-renaissance-Timbre-Soundrums-768x768.jpg",768,768,true],"large":["https:\/\/soundrums-france.com\/wp-content\/uploads\/2020\/12\/Peau-Remo-renaissance-Timbre-Soundrums-1024x1024.jpg",1024,1024,true],"1536x1536":["https:\/\/soundrums-france.com\/wp-content\/uploads\/2020\/12\/Peau-Remo-renaissance-Timbre-Soundrums.webp",1200,1200,false],"2048x2048":["https:\/\/soundrums-france.com\/wp-content\/uploads\/2020\/12\/Peau-Remo-renaissance-Timbre-Soundrums.webp",1200,1200,false],"woocommerce_thumbnail":["https:\/\/soundrums-france.com\/wp-content\/uploads\/2020\/12\/Peau-Remo-renaissance-Timbre-Soundrums-300x300.jpg",300,300,true],"woocommerce_single":["https:\/\/soundrums-france.com\/wp-content\/uploads\/2020\/12\/Peau-Remo-renaissance-Timbre-Soundrums-600x600.jpg",600,600,true],"woocommerce_gallery_thumbnail":["https:\/\/soundrums-france.com\/wp-content\/uploads\/2020\/12\/Peau-Remo-renaissance-Timbre-Soundrums-100x100.jpg",100,100,true]},"uagb_author_info":{"display_name":"Emmanuel JAY","author_link":"https:\/\/soundrums-france.com\/index.php\/author\/"},"uagb_comment_info":0,"uagb_excerpt":"La peau Remo Renaissance\u00ae Timbre est une peau un simple-pli de 3 milli\u00e8me d'\u00e9paisseur pour produire une sonorit\u00e9 chaude, ouverte et r\u00e9sonante avec une attaque chaleureuse. Simple pli Epaisseur: 3 milli\u00e8mes Diam\u00e8tre 15\" Autres dimensions sur demande.","wcpa_form_fields":null,"_links":{"self":[{"href":"https:\/\/soundrums-france.com\/index.php\/wp-json\/wp\/v2\/product\/32457","targetHints":{"allow":["GET"]}}],"collection":[{"href":"https:\/\/soundrums-france.com\/index.php\/wp-json\/wp\/v2\/product"}],"about":[{"href":"https:\/\/soundrums-france.com\/index.php\/wp-json\/wp\/v2\/types\/product"}],"replies":[{"embeddable":true,"href":"https:\/\/soundrums-france.com\/index.php\/wp-json\/wp\/v2\/comments?post=32457"}],"version-history":[{"count":1,"href":"https:\/\/soundrums-france.com\/index.php\/wp-json\/wp\/v2\/product\/32457\/revisions"}],"predecessor-version":[{"id":36987,"href":"https:\/\/soundrums-france.com\/index.php\/wp-json\/wp\/v2\/product\/32457\/revisions\/36987"}],"wp:featuredmedia":[{"embeddable":true,"href":"https:\/\/soundrums-france.com\/index.php\/wp-json\/wp\/v2\/media\/32448"}],"wp:attachment":[{"href":"https:\/\/soundrums-france.com\/index.php\/wp-json\/wp\/v2\/media?parent=32457"}],"wp:term":[{"taxonomy":"product_cat","embeddable":true,"href":"https:\/\/soundrums-france.com\/index.php\/wp-json\/wp\/v2\/product_cat?post=32457"},{"taxonomy":"product_tag","embeddable":true,"href":"https:\/\/soundrums-france.com\/index.php\/wp-json\/wp\/v2\/product_tag?post=32457"}],"curies":[{"name":"wp","href":"https:\/\/api.w.org\/{rel}","templated":true}]}}