{"id":33117,"date":"2021-03-09T10:57:07","date_gmt":"2021-03-09T09:57:07","guid":{"rendered":"https:\/\/soundrums-france.com\/?post_type=product&#038;p=33117"},"modified":"2024-12-10T14:31:19","modified_gmt":"2024-12-10T13:31:19","slug":"caisse-claire-erable-spm-sound-piccolo-maple-13x4","status":"publish","type":"product","link":"https:\/\/soundrums-france.com\/index.php\/produit\/caisse-claire-erable-spm-sound-piccolo-maple-13x4\/","title":{"rendered":"Caisse-claire \u00c9rable SPM \u00ab\u00a0Sound Piccolo Maple\u00a0\u00bb &#8211; 13&Prime;x4&Prime;"},"content":{"rendered":"<p>La premi\u00e8re Piccolo de chez Soundrums ! F\u00fbt en \u00e9rable de 13&Prime; par 4&Prime;, facilit\u00e9 d&rsquo;accordage pour un son incisif et original<\/p>\n<p>Cette caisse-claire offre les fr\u00e9quences de l&rsquo;\u00e9rable et un \u00e9quilibre des m\u00e9diums\/ aigus facile \u00e0 jouer dans de nombreuses conditions y compris les petites salles.<\/p>\n<p>Sa finition soign\u00e9e, son f\u00fbt noir \u00ab\u00a0effet cuir\u00a0\u00bb et son accastillage dor\u00e9 lui apporte un look exceptionnel !<\/p>\n","protected":false},"excerpt":{"rendered":"<p>F\u00fbt \u00e9rable 6 plis 13&Prime; x4&Prime;<br \/>\nFinition int\u00e9rieur noire pour plus de pr\u00e9cision<br \/>\nFinition ext\u00e9rieure noire effet cuir<br \/>\n8 tirants<br \/>\nCoquilles Dor\u00e9es<br \/>\nCercles moul\u00e9s Dor\u00e9s<br \/>\nD\u00e9clencheur piccolo<br \/>\nTimbre carbone 20 Spirales<br \/>\nPeau Remo Ambassador sabl\u00e9e<\/p>\n","protected":false},"featured_media":33118,"comment_status":"open","ping_status":"closed","template":"","meta":{"_uag_custom_page_level_css":"","site-sidebar-layout":"default","site-content-layout":"default","ast-global-header-display":"","ast-banner-title-visibility":"","ast-main-header-display":"","ast-hfb-above-header-display":"","ast-hfb-below-header-display":"","ast-hfb-mobile-header-display":"","site-post-title":"","ast-breadcrumbs-content":"","ast-featured-img":"","footer-sml-layout":"","theme-transparent-header-meta":"","adv-header-id-meta":"","stick-header-meta":"","header-above-stick-meta":"","header-main-stick-meta":"","header-below-stick-meta":""},"product_cat":[186,192],"product_tag":[],"class_list":{"0":"post-33117","1":"product","2":"type-product","3":"status-publish","4":"has-post-thumbnail","6":"product_cat-instruments","7":"product_cat-caisses_claires","8":"desktop-align-left","9":"tablet-align-left","10":"mobile-align-left","12":"first","13":"instock","14":"taxable","15":"shipping-taxable","16":"purchasable","17":"product-type-simple"},"yoast_head":"<!-- This site is optimized with the Yoast SEO plugin v24.1 - https:\/\/yoast.com\/wordpress\/plugins\/seo\/ -->\n<title>Caisse-claire \u00c9rable SPM &quot;Sound Piccolo Maple&quot; - 13&quot;x4&quot; - Soundrums<\/title>\n<meta name=\"description\" content=\"Venez d\u00e9couvrir notre Caisse-claire \u00c9rable SPM &quot;Sound Piccolo Maple&quot; - 13&quot;x4&quot; haute de gamme.\" \/>\n<meta name=\"robots\" content=\"index, follow, max-snippet:-1, max-image-preview:large, max-video-preview:-1\" \/>\n<link rel=\"canonical\" href=\"https:\/\/soundrums-france.com\/index.php\/produit\/caisse-claire-erable-spm-sound-piccolo-maple-13x4\/\" \/>\n<meta property=\"og:locale\" content=\"fr_FR\" \/>\n<meta property=\"og:type\" content=\"article\" \/>\n<meta property=\"og:title\" content=\"Caisse-claire \u00c9rable SPM &quot;Sound Piccolo Maple&quot; - 13&quot;x4&quot; - Soundrums\" \/>\n<meta property=\"og:description\" content=\"Venez d\u00e9couvrir notre Caisse-claire \u00c9rable SPM &quot;Sound Piccolo Maple&quot; - 13&quot;x4&quot; haute de gamme.\" \/>\n<meta property=\"og:url\" content=\"https:\/\/soundrums-france.com\/index.php\/produit\/caisse-claire-erable-spm-sound-piccolo-maple-13x4\/\" \/>\n<meta property=\"og:site_name\" content=\"Soundrums\" \/>\n<meta property=\"article:publisher\" content=\"https:\/\/www.facebook.com\/soundrums\/\" \/>\n<meta property=\"article:modified_time\" content=\"2024-12-10T13:31:19+00:00\" \/>\n<meta property=\"og:image\" content=\"https:\/\/soundrums-france.com\/wp-content\/uploads\/2021\/03\/Caisse-claire-PICCOLO-Erable-SPM-Sound-Piccolo-01.jpg\" \/>\n\t<meta property=\"og:image:width\" content=\"1200\" \/>\n\t<meta property=\"og:image:height\" content=\"1200\" \/>\n\t<meta property=\"og:image:type\" content=\"image\/jpeg\" \/>\n<meta name=\"twitter:card\" content=\"summary_large_image\" \/>\n<meta name=\"twitter:label1\" content=\"Dur\u00e9e de lecture estim\u00e9e\" \/>\n\t<meta name=\"twitter:data1\" content=\"1 minute\" \/>\n<script type=\"application\/ld+json\" class=\"yoast-schema-graph\">{\"@context\":\"https:\/\/schema.org\",\"@graph\":[{\"@type\":\"WebPage\",\"@id\":\"https:\/\/soundrums-france.com\/index.php\/produit\/caisse-claire-erable-spm-sound-piccolo-maple-13x4\/\",\"url\":\"https:\/\/soundrums-france.com\/index.php\/produit\/caisse-claire-erable-spm-sound-piccolo-maple-13x4\/\",\"name\":\"Caisse-claire \u00c9rable SPM \\\"Sound Piccolo Maple\\\" - 13\\\"x4\\\" - Soundrums\",\"isPartOf\":{\"@id\":\"https:\/\/soundrums-france.com\/#website\"},\"primaryImageOfPage\":{\"@id\":\"https:\/\/soundrums-france.com\/index.php\/produit\/caisse-claire-erable-spm-sound-piccolo-maple-13x4\/#primaryimage\"},\"image\":{\"@id\":\"https:\/\/soundrums-france.com\/index.php\/produit\/caisse-claire-erable-spm-sound-piccolo-maple-13x4\/#primaryimage\"},\"thumbnailUrl\":\"https:\/\/soundrums-france.com\/wp-content\/uploads\/2021\/03\/Caisse-claire-PICCOLO-Erable-SPM-Sound-Piccolo-01.webp\",\"datePublished\":\"2021-03-09T09:57:07+00:00\",\"dateModified\":\"2024-12-10T13:31:19+00:00\",\"description\":\"Venez d\u00e9couvrir notre Caisse-claire \u00c9rable SPM \\\"Sound Piccolo Maple\\\" - 13\\\"x4\\\" haute de gamme.\",\"breadcrumb\":{\"@id\":\"https:\/\/soundrums-france.com\/index.php\/produit\/caisse-claire-erable-spm-sound-piccolo-maple-13x4\/#breadcrumb\"},\"inLanguage\":\"fr-FR\",\"potentialAction\":[{\"@type\":\"ReadAction\",\"target\":[\"https:\/\/soundrums-france.com\/index.php\/produit\/caisse-claire-erable-spm-sound-piccolo-maple-13x4\/\"]}]},{\"@type\":\"ImageObject\",\"inLanguage\":\"fr-FR\",\"@id\":\"https:\/\/soundrums-france.com\/index.php\/produit\/caisse-claire-erable-spm-sound-piccolo-maple-13x4\/#primaryimage\",\"url\":\"https:\/\/soundrums-france.com\/wp-content\/uploads\/2021\/03\/Caisse-claire-PICCOLO-Erable-SPM-Sound-Piccolo-01.webp\",\"contentUrl\":\"https:\/\/soundrums-france.com\/wp-content\/uploads\/2021\/03\/Caisse-claire-PICCOLO-Erable-SPM-Sound-Piccolo-01.webp\",\"width\":1200,\"height\":1200,\"caption\":\"Caisse-claire PICCOLO Erable SPM Sound Piccolo Maple - 13x4 SOUNDRUMS\"},{\"@type\":\"BreadcrumbList\",\"@id\":\"https:\/\/soundrums-france.com\/index.php\/produit\/caisse-claire-erable-spm-sound-piccolo-maple-13x4\/#breadcrumb\",\"itemListElement\":[{\"@type\":\"ListItem\",\"position\":1,\"name\":\"Accueil\",\"item\":\"https:\/\/soundrums-france.com\/\"},{\"@type\":\"ListItem\",\"position\":2,\"name\":\"Des produits\",\"item\":\"https:\/\/soundrums-france.com\/index.php\/shop\/\"},{\"@type\":\"ListItem\",\"position\":3,\"name\":\"Caisse-claire \u00c9rable SPM \u00ab\u00a0Sound Piccolo Maple\u00a0\u00bb &#8211; 13&Prime;x4&Prime;\"}]},{\"@type\":\"WebSite\",\"@id\":\"https:\/\/soundrums-france.com\/#website\",\"url\":\"https:\/\/soundrums-france.com\/\",\"name\":\"Soundrums\",\"description\":\"Manufacture Fran\u00e7aise de tambours\",\"publisher\":{\"@id\":\"https:\/\/soundrums-france.com\/#organization\"},\"potentialAction\":[{\"@type\":\"SearchAction\",\"target\":{\"@type\":\"EntryPoint\",\"urlTemplate\":\"https:\/\/soundrums-france.com\/?s={search_term_string}\"},\"query-input\":{\"@type\":\"PropertyValueSpecification\",\"valueRequired\":true,\"valueName\":\"search_term_string\"}}],\"inLanguage\":\"fr-FR\"},{\"@type\":\"Organization\",\"@id\":\"https:\/\/soundrums-france.com\/#organization\",\"name\":\"Soundrums-france\",\"url\":\"https:\/\/soundrums-france.com\/\",\"logo\":{\"@type\":\"ImageObject\",\"inLanguage\":\"fr-FR\",\"@id\":\"https:\/\/soundrums-france.com\/#\/schema\/logo\/image\/\",\"url\":\"https:\/\/soundrums-france.com\/wp-content\/uploads\/2020\/10\/LogoSD_HD.jpg\",\"contentUrl\":\"https:\/\/soundrums-france.com\/wp-content\/uploads\/2020\/10\/LogoSD_HD.jpg\",\"width\":1280,\"height\":930,\"caption\":\"Soundrums-france\"},\"image\":{\"@id\":\"https:\/\/soundrums-france.com\/#\/schema\/logo\/image\/\"},\"sameAs\":[\"https:\/\/www.facebook.com\/soundrums\/\",\"https:\/\/www.youtube.com\/channel\/UC4S_W_0ZCdUFH3Y9xkv5bEw\"]}]}<\/script>\n<!-- \/ Yoast SEO plugin. -->","yoast_head_json":{"title":"Caisse-claire \u00c9rable SPM \"Sound Piccolo Maple\" - 13\"x4\" - Soundrums","description":"Venez d\u00e9couvrir notre Caisse-claire \u00c9rable SPM \"Sound Piccolo Maple\" - 13\"x4\" haute de gamme.","robots":{"index":"index","follow":"follow","max-snippet":"max-snippet:-1","max-image-preview":"max-image-preview:large","max-video-preview":"max-video-preview:-1"},"canonical":"https:\/\/soundrums-france.com\/index.php\/produit\/caisse-claire-erable-spm-sound-piccolo-maple-13x4\/","og_locale":"fr_FR","og_type":"article","og_title":"Caisse-claire \u00c9rable SPM \"Sound Piccolo Maple\" - 13\"x4\" - Soundrums","og_description":"Venez d\u00e9couvrir notre Caisse-claire \u00c9rable SPM \"Sound Piccolo Maple\" - 13\"x4\" haute de gamme.","og_url":"https:\/\/soundrums-france.com\/index.php\/produit\/caisse-claire-erable-spm-sound-piccolo-maple-13x4\/","og_site_name":"Soundrums","article_publisher":"https:\/\/www.facebook.com\/soundrums\/","article_modified_time":"2024-12-10T13:31:19+00:00","og_image":[{"width":1200,"height":1200,"url":"https:\/\/soundrums-france.com\/wp-content\/uploads\/2021\/03\/Caisse-claire-PICCOLO-Erable-SPM-Sound-Piccolo-01.jpg","type":"image\/jpeg"}],"twitter_card":"summary_large_image","twitter_misc":{"Dur\u00e9e de lecture estim\u00e9e":"1 minute"},"schema":{"@context":"https:\/\/schema.org","@graph":[{"@type":"WebPage","@id":"https:\/\/soundrums-france.com\/index.php\/produit\/caisse-claire-erable-spm-sound-piccolo-maple-13x4\/","url":"https:\/\/soundrums-france.com\/index.php\/produit\/caisse-claire-erable-spm-sound-piccolo-maple-13x4\/","name":"Caisse-claire \u00c9rable SPM \"Sound Piccolo Maple\" - 13\"x4\" - Soundrums","isPartOf":{"@id":"https:\/\/soundrums-france.com\/#website"},"primaryImageOfPage":{"@id":"https:\/\/soundrums-france.com\/index.php\/produit\/caisse-claire-erable-spm-sound-piccolo-maple-13x4\/#primaryimage"},"image":{"@id":"https:\/\/soundrums-france.com\/index.php\/produit\/caisse-claire-erable-spm-sound-piccolo-maple-13x4\/#primaryimage"},"thumbnailUrl":"https:\/\/soundrums-france.com\/wp-content\/uploads\/2021\/03\/Caisse-claire-PICCOLO-Erable-SPM-Sound-Piccolo-01.webp","datePublished":"2021-03-09T09:57:07+00:00","dateModified":"2024-12-10T13:31:19+00:00","description":"Venez d\u00e9couvrir notre Caisse-claire \u00c9rable SPM \"Sound Piccolo Maple\" - 13\"x4\" haute de gamme.","breadcrumb":{"@id":"https:\/\/soundrums-france.com\/index.php\/produit\/caisse-claire-erable-spm-sound-piccolo-maple-13x4\/#breadcrumb"},"inLanguage":"fr-FR","potentialAction":[{"@type":"ReadAction","target":["https:\/\/soundrums-france.com\/index.php\/produit\/caisse-claire-erable-spm-sound-piccolo-maple-13x4\/"]}]},{"@type":"ImageObject","inLanguage":"fr-FR","@id":"https:\/\/soundrums-france.com\/index.php\/produit\/caisse-claire-erable-spm-sound-piccolo-maple-13x4\/#primaryimage","url":"https:\/\/soundrums-france.com\/wp-content\/uploads\/2021\/03\/Caisse-claire-PICCOLO-Erable-SPM-Sound-Piccolo-01.webp","contentUrl":"https:\/\/soundrums-france.com\/wp-content\/uploads\/2021\/03\/Caisse-claire-PICCOLO-Erable-SPM-Sound-Piccolo-01.webp","width":1200,"height":1200,"caption":"Caisse-claire PICCOLO Erable SPM Sound Piccolo Maple - 13x4 SOUNDRUMS"},{"@type":"BreadcrumbList","@id":"https:\/\/soundrums-france.com\/index.php\/produit\/caisse-claire-erable-spm-sound-piccolo-maple-13x4\/#breadcrumb","itemListElement":[{"@type":"ListItem","position":1,"name":"Accueil","item":"https:\/\/soundrums-france.com\/"},{"@type":"ListItem","position":2,"name":"Des produits","item":"https:\/\/soundrums-france.com\/index.php\/shop\/"},{"@type":"ListItem","position":3,"name":"Caisse-claire \u00c9rable SPM \u00ab\u00a0Sound Piccolo Maple\u00a0\u00bb &#8211; 13&Prime;x4&Prime;"}]},{"@type":"WebSite","@id":"https:\/\/soundrums-france.com\/#website","url":"https:\/\/soundrums-france.com\/","name":"Soundrums","description":"Manufacture Fran\u00e7aise de tambours","publisher":{"@id":"https:\/\/soundrums-france.com\/#organization"},"potentialAction":[{"@type":"SearchAction","target":{"@type":"EntryPoint","urlTemplate":"https:\/\/soundrums-france.com\/?s={search_term_string}"},"query-input":{"@type":"PropertyValueSpecification","valueRequired":true,"valueName":"search_term_string"}}],"inLanguage":"fr-FR"},{"@type":"Organization","@id":"https:\/\/soundrums-france.com\/#organization","name":"Soundrums-france","url":"https:\/\/soundrums-france.com\/","logo":{"@type":"ImageObject","inLanguage":"fr-FR","@id":"https:\/\/soundrums-france.com\/#\/schema\/logo\/image\/","url":"https:\/\/soundrums-france.com\/wp-content\/uploads\/2020\/10\/LogoSD_HD.jpg","contentUrl":"https:\/\/soundrums-france.com\/wp-content\/uploads\/2020\/10\/LogoSD_HD.jpg","width":1280,"height":930,"caption":"Soundrums-france"},"image":{"@id":"https:\/\/soundrums-france.com\/#\/schema\/logo\/image\/"},"sameAs":["https:\/\/www.facebook.com\/soundrums\/","https:\/\/www.youtube.com\/channel\/UC4S_W_0ZCdUFH3Y9xkv5bEw"]}]}},"uagb_featured_image_src":{"full":["https:\/\/soundrums-france.com\/wp-content\/uploads\/2021\/03\/Caisse-claire-PICCOLO-Erable-SPM-Sound-Piccolo-01.webp",1200,1200,false],"thumbnail":["https:\/\/soundrums-france.com\/wp-content\/uploads\/2021\/03\/Caisse-claire-PICCOLO-Erable-SPM-Sound-Piccolo-01-150x150.jpg",150,150,true],"medium":["https:\/\/soundrums-france.com\/wp-content\/uploads\/2021\/03\/Caisse-claire-PICCOLO-Erable-SPM-Sound-Piccolo-01-300x300.jpg",300,300,true],"medium_large":["https:\/\/soundrums-france.com\/wp-content\/uploads\/2021\/03\/Caisse-claire-PICCOLO-Erable-SPM-Sound-Piccolo-01-768x768.jpg",768,768,true],"large":["https:\/\/soundrums-france.com\/wp-content\/uploads\/2021\/03\/Caisse-claire-PICCOLO-Erable-SPM-Sound-Piccolo-01-1024x1024.jpg",1024,1024,true],"1536x1536":["https:\/\/soundrums-france.com\/wp-content\/uploads\/2021\/03\/Caisse-claire-PICCOLO-Erable-SPM-Sound-Piccolo-01.webp",1200,1200,false],"2048x2048":["https:\/\/soundrums-france.com\/wp-content\/uploads\/2021\/03\/Caisse-claire-PICCOLO-Erable-SPM-Sound-Piccolo-01.webp",1200,1200,false],"woocommerce_thumbnail":["https:\/\/soundrums-france.com\/wp-content\/uploads\/2021\/03\/Caisse-claire-PICCOLO-Erable-SPM-Sound-Piccolo-01-300x300.jpg",300,300,true],"woocommerce_single":["https:\/\/soundrums-france.com\/wp-content\/uploads\/2021\/03\/Caisse-claire-PICCOLO-Erable-SPM-Sound-Piccolo-01-600x600.jpg",600,600,true],"woocommerce_gallery_thumbnail":["https:\/\/soundrums-france.com\/wp-content\/uploads\/2021\/03\/Caisse-claire-PICCOLO-Erable-SPM-Sound-Piccolo-01-100x100.jpg",100,100,true]},"uagb_author_info":{"display_name":"Emmanuel JAY","author_link":"https:\/\/soundrums-france.com\/index.php\/author\/"},"uagb_comment_info":0,"uagb_excerpt":"F\u00fbt \u00e9rable 6 plis 13\" x4\" Finition int\u00e9rieur noire pour plus de pr\u00e9cision Finition ext\u00e9rieure noire effet cuir 8 tirants Coquilles Dor\u00e9es Cercles moul\u00e9s Dor\u00e9s D\u00e9clencheur piccolo Timbre carbone 20 Spirales Peau Remo Ambassador sabl\u00e9e","wcpa_form_fields":null,"_links":{"self":[{"href":"https:\/\/soundrums-france.com\/index.php\/wp-json\/wp\/v2\/product\/33117","targetHints":{"allow":["GET"]}}],"collection":[{"href":"https:\/\/soundrums-france.com\/index.php\/wp-json\/wp\/v2\/product"}],"about":[{"href":"https:\/\/soundrums-france.com\/index.php\/wp-json\/wp\/v2\/types\/product"}],"replies":[{"embeddable":true,"href":"https:\/\/soundrums-france.com\/index.php\/wp-json\/wp\/v2\/comments?post=33117"}],"version-history":[{"count":0,"href":"https:\/\/soundrums-france.com\/index.php\/wp-json\/wp\/v2\/product\/33117\/revisions"}],"wp:featuredmedia":[{"embeddable":true,"href":"https:\/\/soundrums-france.com\/index.php\/wp-json\/wp\/v2\/media\/33118"}],"wp:attachment":[{"href":"https:\/\/soundrums-france.com\/index.php\/wp-json\/wp\/v2\/media?parent=33117"}],"wp:term":[{"taxonomy":"product_cat","embeddable":true,"href":"https:\/\/soundrums-france.com\/index.php\/wp-json\/wp\/v2\/product_cat?post=33117"},{"taxonomy":"product_tag","embeddable":true,"href":"https:\/\/soundrums-france.com\/index.php\/wp-json\/wp\/v2\/product_tag?post=33117"}],"curies":[{"name":"wp","href":"https:\/\/api.w.org\/{rel}","templated":true}]}}