{"id":33270,"date":"2021-06-24T16:23:29","date_gmt":"2021-06-24T14:23:29","guid":{"rendered":"https:\/\/soundrums-france.com\/?post_type=product&#038;p=33270"},"modified":"2024-06-19T11:16:32","modified_gmt":"2024-06-19T09:16:32","slug":"timbre-boyau-naturel-gros-longueur-110-m-soundrums","status":"publish","type":"product","link":"https:\/\/soundrums-france.com\/index.php\/produit\/timbre-boyau-naturel-gros-longueur-110-m-soundrums\/","title":{"rendered":"Timbre BOYAU naturel &#8211; Gros &#8211; Longueur 1,10 m Soundrums"},"content":{"rendered":"<p>Timbre en boyau naturel de haute qualit\u00e9.<\/p>\n<p>Longueur 1,10 m<\/p>\n<p>Diff\u00e9rents diam\u00e8tres disponibles<\/p>\n","protected":false},"excerpt":{"rendered":"<p>Timbre en boyau naturel de haute qualit\u00e9 s\u00e9lectionn\u00e9 par Soundrums.<\/p>\n<ul>\n<li>Longueur 1,10 m<\/li>\n<li>Diam\u00e8tre 2.55 mm (+-0.1mm)<\/li>\n<li>Grande profondeur de son<\/li>\n<li>Belle pr\u00e9cision<\/li>\n<li>D\u00e9veloppement sonore Optimum<\/li>\n<\/ul>\n<p>Diff\u00e9rents diam\u00e8tres disponibles sur notre site.<\/p>\n","protected":false},"featured_media":32402,"comment_status":"open","ping_status":"closed","template":"","meta":{"_uag_custom_page_level_css":"","site-sidebar-layout":"default","site-content-layout":"default","ast-global-header-display":"","ast-banner-title-visibility":"","ast-main-header-display":"","ast-hfb-above-header-display":"","ast-hfb-below-header-display":"","ast-hfb-mobile-header-display":"","site-post-title":"","ast-breadcrumbs-content":"","ast-featured-img":"","footer-sml-layout":"","theme-transparent-header-meta":"","adv-header-id-meta":"","stick-header-meta":"","header-above-stick-meta":"","header-main-stick-meta":"","header-below-stick-meta":""},"product_cat":[187,236,281,199,227],"product_tag":[],"class_list":{"0":"post-33270","1":"product","2":"type-product","3":"status-publish","4":"has-post-thumbnail","6":"product_cat-accessoires","7":"product_cat-timbres","8":"product_cat-boyaux-natuels","9":"product_cat-pieces_detachees","10":"product_cat-autres","11":"desktop-align-left","12":"tablet-align-left","13":"mobile-align-left","15":"first","16":"instock","17":"taxable","18":"shipping-taxable","19":"purchasable","20":"product-type-simple"},"yoast_head":"<!-- This site is optimized with the Yoast SEO plugin v24.1 - https:\/\/yoast.com\/wordpress\/plugins\/seo\/ -->\n<title>Timbre BOYAU naturel - Gros - Longueur 1,10 m Soundrums - Soundrums<\/title>\n<meta name=\"description\" content=\"Venez d\u00e9couvrir notre Timbre BOYAU naturel - Gros - Longueur 1,10 m Soundrums haute de gamme.\" \/>\n<meta name=\"robots\" content=\"index, follow, max-snippet:-1, max-image-preview:large, max-video-preview:-1\" \/>\n<link rel=\"canonical\" href=\"https:\/\/soundrums-france.com\/index.php\/produit\/timbre-boyau-naturel-gros-longueur-110-m-soundrums\/\" \/>\n<meta property=\"og:locale\" content=\"fr_FR\" \/>\n<meta property=\"og:type\" content=\"article\" \/>\n<meta property=\"og:title\" content=\"Timbre BOYAU naturel - Gros - Longueur 1,10 m Soundrums - Soundrums\" \/>\n<meta property=\"og:description\" content=\"Venez d\u00e9couvrir notre Timbre BOYAU naturel - Gros - Longueur 1,10 m Soundrums haute de gamme.\" \/>\n<meta property=\"og:url\" content=\"https:\/\/soundrums-france.com\/index.php\/produit\/timbre-boyau-naturel-gros-longueur-110-m-soundrums\/\" \/>\n<meta property=\"og:site_name\" content=\"Soundrums\" \/>\n<meta property=\"article:publisher\" content=\"https:\/\/www.facebook.com\/soundrums\/\" \/>\n<meta property=\"article:modified_time\" content=\"2024-06-19T09:16:32+00:00\" \/>\n<meta property=\"og:image\" content=\"https:\/\/soundrums-france.com\/wp-content\/uploads\/2020\/12\/Timbre-Boyau.jpg\" \/>\n\t<meta property=\"og:image:width\" content=\"1200\" \/>\n\t<meta property=\"og:image:height\" content=\"1200\" \/>\n\t<meta property=\"og:image:type\" content=\"image\/jpeg\" \/>\n<meta name=\"twitter:card\" content=\"summary_large_image\" \/>\n<script type=\"application\/ld+json\" class=\"yoast-schema-graph\">{\"@context\":\"https:\/\/schema.org\",\"@graph\":[{\"@type\":\"WebPage\",\"@id\":\"https:\/\/soundrums-france.com\/index.php\/produit\/timbre-boyau-naturel-gros-longueur-110-m-soundrums\/\",\"url\":\"https:\/\/soundrums-france.com\/index.php\/produit\/timbre-boyau-naturel-gros-longueur-110-m-soundrums\/\",\"name\":\"Timbre BOYAU naturel - Gros - Longueur 1,10 m Soundrums - Soundrums\",\"isPartOf\":{\"@id\":\"https:\/\/soundrums-france.com\/#website\"},\"primaryImageOfPage\":{\"@id\":\"https:\/\/soundrums-france.com\/index.php\/produit\/timbre-boyau-naturel-gros-longueur-110-m-soundrums\/#primaryimage\"},\"image\":{\"@id\":\"https:\/\/soundrums-france.com\/index.php\/produit\/timbre-boyau-naturel-gros-longueur-110-m-soundrums\/#primaryimage\"},\"thumbnailUrl\":\"https:\/\/soundrums-france.com\/wp-content\/uploads\/2020\/12\/Timbre-Boyau.webp\",\"datePublished\":\"2021-06-24T14:23:29+00:00\",\"dateModified\":\"2024-06-19T09:16:32+00:00\",\"description\":\"Venez d\u00e9couvrir notre Timbre BOYAU naturel - Gros - Longueur 1,10 m Soundrums haute de gamme.\",\"breadcrumb\":{\"@id\":\"https:\/\/soundrums-france.com\/index.php\/produit\/timbre-boyau-naturel-gros-longueur-110-m-soundrums\/#breadcrumb\"},\"inLanguage\":\"fr-FR\",\"potentialAction\":[{\"@type\":\"ReadAction\",\"target\":[\"https:\/\/soundrums-france.com\/index.php\/produit\/timbre-boyau-naturel-gros-longueur-110-m-soundrums\/\"]}]},{\"@type\":\"ImageObject\",\"inLanguage\":\"fr-FR\",\"@id\":\"https:\/\/soundrums-france.com\/index.php\/produit\/timbre-boyau-naturel-gros-longueur-110-m-soundrums\/#primaryimage\",\"url\":\"https:\/\/soundrums-france.com\/wp-content\/uploads\/2020\/12\/Timbre-Boyau.webp\",\"contentUrl\":\"https:\/\/soundrums-france.com\/wp-content\/uploads\/2020\/12\/Timbre-Boyau.webp\",\"width\":1200,\"height\":1200,\"caption\":\"Timbre Boyau Soundrums\"},{\"@type\":\"BreadcrumbList\",\"@id\":\"https:\/\/soundrums-france.com\/index.php\/produit\/timbre-boyau-naturel-gros-longueur-110-m-soundrums\/#breadcrumb\",\"itemListElement\":[{\"@type\":\"ListItem\",\"position\":1,\"name\":\"Accueil\",\"item\":\"https:\/\/soundrums-france.com\/\"},{\"@type\":\"ListItem\",\"position\":2,\"name\":\"Des produits\",\"item\":\"https:\/\/soundrums-france.com\/index.php\/shop\/\"},{\"@type\":\"ListItem\",\"position\":3,\"name\":\"Timbre BOYAU naturel &#8211; Gros &#8211; Longueur 1,10 m Soundrums\"}]},{\"@type\":\"WebSite\",\"@id\":\"https:\/\/soundrums-france.com\/#website\",\"url\":\"https:\/\/soundrums-france.com\/\",\"name\":\"Soundrums\",\"description\":\"Manufacture Fran\u00e7aise de tambours\",\"publisher\":{\"@id\":\"https:\/\/soundrums-france.com\/#organization\"},\"potentialAction\":[{\"@type\":\"SearchAction\",\"target\":{\"@type\":\"EntryPoint\",\"urlTemplate\":\"https:\/\/soundrums-france.com\/?s={search_term_string}\"},\"query-input\":{\"@type\":\"PropertyValueSpecification\",\"valueRequired\":true,\"valueName\":\"search_term_string\"}}],\"inLanguage\":\"fr-FR\"},{\"@type\":\"Organization\",\"@id\":\"https:\/\/soundrums-france.com\/#organization\",\"name\":\"Soundrums-france\",\"url\":\"https:\/\/soundrums-france.com\/\",\"logo\":{\"@type\":\"ImageObject\",\"inLanguage\":\"fr-FR\",\"@id\":\"https:\/\/soundrums-france.com\/#\/schema\/logo\/image\/\",\"url\":\"https:\/\/soundrums-france.com\/wp-content\/uploads\/2020\/10\/LogoSD_HD.jpg\",\"contentUrl\":\"https:\/\/soundrums-france.com\/wp-content\/uploads\/2020\/10\/LogoSD_HD.jpg\",\"width\":1280,\"height\":930,\"caption\":\"Soundrums-france\"},\"image\":{\"@id\":\"https:\/\/soundrums-france.com\/#\/schema\/logo\/image\/\"},\"sameAs\":[\"https:\/\/www.facebook.com\/soundrums\/\",\"https:\/\/www.youtube.com\/channel\/UC4S_W_0ZCdUFH3Y9xkv5bEw\"]}]}<\/script>\n<!-- \/ Yoast SEO plugin. -->","yoast_head_json":{"title":"Timbre BOYAU naturel - Gros - Longueur 1,10 m Soundrums - Soundrums","description":"Venez d\u00e9couvrir notre Timbre BOYAU naturel - Gros - Longueur 1,10 m Soundrums haute de gamme.","robots":{"index":"index","follow":"follow","max-snippet":"max-snippet:-1","max-image-preview":"max-image-preview:large","max-video-preview":"max-video-preview:-1"},"canonical":"https:\/\/soundrums-france.com\/index.php\/produit\/timbre-boyau-naturel-gros-longueur-110-m-soundrums\/","og_locale":"fr_FR","og_type":"article","og_title":"Timbre BOYAU naturel - Gros - Longueur 1,10 m Soundrums - Soundrums","og_description":"Venez d\u00e9couvrir notre Timbre BOYAU naturel - Gros - Longueur 1,10 m Soundrums haute de gamme.","og_url":"https:\/\/soundrums-france.com\/index.php\/produit\/timbre-boyau-naturel-gros-longueur-110-m-soundrums\/","og_site_name":"Soundrums","article_publisher":"https:\/\/www.facebook.com\/soundrums\/","article_modified_time":"2024-06-19T09:16:32+00:00","og_image":[{"width":1200,"height":1200,"url":"https:\/\/soundrums-france.com\/wp-content\/uploads\/2020\/12\/Timbre-Boyau.jpg","type":"image\/jpeg"}],"twitter_card":"summary_large_image","schema":{"@context":"https:\/\/schema.org","@graph":[{"@type":"WebPage","@id":"https:\/\/soundrums-france.com\/index.php\/produit\/timbre-boyau-naturel-gros-longueur-110-m-soundrums\/","url":"https:\/\/soundrums-france.com\/index.php\/produit\/timbre-boyau-naturel-gros-longueur-110-m-soundrums\/","name":"Timbre BOYAU naturel - Gros - Longueur 1,10 m Soundrums - Soundrums","isPartOf":{"@id":"https:\/\/soundrums-france.com\/#website"},"primaryImageOfPage":{"@id":"https:\/\/soundrums-france.com\/index.php\/produit\/timbre-boyau-naturel-gros-longueur-110-m-soundrums\/#primaryimage"},"image":{"@id":"https:\/\/soundrums-france.com\/index.php\/produit\/timbre-boyau-naturel-gros-longueur-110-m-soundrums\/#primaryimage"},"thumbnailUrl":"https:\/\/soundrums-france.com\/wp-content\/uploads\/2020\/12\/Timbre-Boyau.webp","datePublished":"2021-06-24T14:23:29+00:00","dateModified":"2024-06-19T09:16:32+00:00","description":"Venez d\u00e9couvrir notre Timbre BOYAU naturel - Gros - Longueur 1,10 m Soundrums haute de gamme.","breadcrumb":{"@id":"https:\/\/soundrums-france.com\/index.php\/produit\/timbre-boyau-naturel-gros-longueur-110-m-soundrums\/#breadcrumb"},"inLanguage":"fr-FR","potentialAction":[{"@type":"ReadAction","target":["https:\/\/soundrums-france.com\/index.php\/produit\/timbre-boyau-naturel-gros-longueur-110-m-soundrums\/"]}]},{"@type":"ImageObject","inLanguage":"fr-FR","@id":"https:\/\/soundrums-france.com\/index.php\/produit\/timbre-boyau-naturel-gros-longueur-110-m-soundrums\/#primaryimage","url":"https:\/\/soundrums-france.com\/wp-content\/uploads\/2020\/12\/Timbre-Boyau.webp","contentUrl":"https:\/\/soundrums-france.com\/wp-content\/uploads\/2020\/12\/Timbre-Boyau.webp","width":1200,"height":1200,"caption":"Timbre Boyau Soundrums"},{"@type":"BreadcrumbList","@id":"https:\/\/soundrums-france.com\/index.php\/produit\/timbre-boyau-naturel-gros-longueur-110-m-soundrums\/#breadcrumb","itemListElement":[{"@type":"ListItem","position":1,"name":"Accueil","item":"https:\/\/soundrums-france.com\/"},{"@type":"ListItem","position":2,"name":"Des produits","item":"https:\/\/soundrums-france.com\/index.php\/shop\/"},{"@type":"ListItem","position":3,"name":"Timbre BOYAU naturel &#8211; Gros &#8211; Longueur 1,10 m Soundrums"}]},{"@type":"WebSite","@id":"https:\/\/soundrums-france.com\/#website","url":"https:\/\/soundrums-france.com\/","name":"Soundrums","description":"Manufacture Fran\u00e7aise de tambours","publisher":{"@id":"https:\/\/soundrums-france.com\/#organization"},"potentialAction":[{"@type":"SearchAction","target":{"@type":"EntryPoint","urlTemplate":"https:\/\/soundrums-france.com\/?s={search_term_string}"},"query-input":{"@type":"PropertyValueSpecification","valueRequired":true,"valueName":"search_term_string"}}],"inLanguage":"fr-FR"},{"@type":"Organization","@id":"https:\/\/soundrums-france.com\/#organization","name":"Soundrums-france","url":"https:\/\/soundrums-france.com\/","logo":{"@type":"ImageObject","inLanguage":"fr-FR","@id":"https:\/\/soundrums-france.com\/#\/schema\/logo\/image\/","url":"https:\/\/soundrums-france.com\/wp-content\/uploads\/2020\/10\/LogoSD_HD.jpg","contentUrl":"https:\/\/soundrums-france.com\/wp-content\/uploads\/2020\/10\/LogoSD_HD.jpg","width":1280,"height":930,"caption":"Soundrums-france"},"image":{"@id":"https:\/\/soundrums-france.com\/#\/schema\/logo\/image\/"},"sameAs":["https:\/\/www.facebook.com\/soundrums\/","https:\/\/www.youtube.com\/channel\/UC4S_W_0ZCdUFH3Y9xkv5bEw"]}]}},"uagb_featured_image_src":{"full":["https:\/\/soundrums-france.com\/wp-content\/uploads\/2020\/12\/Timbre-Boyau.webp",1200,1200,false],"thumbnail":["https:\/\/soundrums-france.com\/wp-content\/uploads\/2020\/12\/Timbre-Boyau-150x150.jpg",150,150,true],"medium":["https:\/\/soundrums-france.com\/wp-content\/uploads\/2020\/12\/Timbre-Boyau-300x300.jpg",300,300,true],"medium_large":["https:\/\/soundrums-france.com\/wp-content\/uploads\/2020\/12\/Timbre-Boyau-768x768.jpg",768,768,true],"large":["https:\/\/soundrums-france.com\/wp-content\/uploads\/2020\/12\/Timbre-Boyau-1024x1024.jpg",1024,1024,true],"1536x1536":["https:\/\/soundrums-france.com\/wp-content\/uploads\/2020\/12\/Timbre-Boyau.webp",1200,1200,false],"2048x2048":["https:\/\/soundrums-france.com\/wp-content\/uploads\/2020\/12\/Timbre-Boyau.webp",1200,1200,false],"woocommerce_thumbnail":["https:\/\/soundrums-france.com\/wp-content\/uploads\/2020\/12\/Timbre-Boyau-300x300.jpg",300,300,true],"woocommerce_single":["https:\/\/soundrums-france.com\/wp-content\/uploads\/2020\/12\/Timbre-Boyau-600x600.jpg",600,600,true],"woocommerce_gallery_thumbnail":["https:\/\/soundrums-france.com\/wp-content\/uploads\/2020\/12\/Timbre-Boyau-100x100.jpg",100,100,true]},"uagb_author_info":{"display_name":"Emmanuel JAY","author_link":"https:\/\/soundrums-france.com\/index.php\/author\/"},"uagb_comment_info":0,"uagb_excerpt":"Timbre en boyau naturel de haute qualit\u00e9 s\u00e9lectionn\u00e9 par Soundrums. Longueur 1,10 m Diam\u00e8tre 2.55 mm (+-0.1mm) Grande profondeur de son Belle pr\u00e9cision D\u00e9veloppement sonore Optimum Diff\u00e9rents diam\u00e8tres disponibles sur notre site.","wcpa_form_fields":null,"_links":{"self":[{"href":"https:\/\/soundrums-france.com\/index.php\/wp-json\/wp\/v2\/product\/33270","targetHints":{"allow":["GET"]}}],"collection":[{"href":"https:\/\/soundrums-france.com\/index.php\/wp-json\/wp\/v2\/product"}],"about":[{"href":"https:\/\/soundrums-france.com\/index.php\/wp-json\/wp\/v2\/types\/product"}],"replies":[{"embeddable":true,"href":"https:\/\/soundrums-france.com\/index.php\/wp-json\/wp\/v2\/comments?post=33270"}],"version-history":[{"count":1,"href":"https:\/\/soundrums-france.com\/index.php\/wp-json\/wp\/v2\/product\/33270\/revisions"}],"predecessor-version":[{"id":36924,"href":"https:\/\/soundrums-france.com\/index.php\/wp-json\/wp\/v2\/product\/33270\/revisions\/36924"}],"wp:featuredmedia":[{"embeddable":true,"href":"https:\/\/soundrums-france.com\/index.php\/wp-json\/wp\/v2\/media\/32402"}],"wp:attachment":[{"href":"https:\/\/soundrums-france.com\/index.php\/wp-json\/wp\/v2\/media?parent=33270"}],"wp:term":[{"taxonomy":"product_cat","embeddable":true,"href":"https:\/\/soundrums-france.com\/index.php\/wp-json\/wp\/v2\/product_cat?post=33270"},{"taxonomy":"product_tag","embeddable":true,"href":"https:\/\/soundrums-france.com\/index.php\/wp-json\/wp\/v2\/product_tag?post=33270"}],"curies":[{"name":"wp","href":"https:\/\/api.w.org\/{rel}","templated":true}]}}